-- MySQL dump 10.13  Distrib 8.0.31, for FreeBSD13.1 (amd64)
--
-- Host: localhost    Database: events
-- ------------------------------------------------------
-- Server version	8.0.31

/*!40101 SET @OLD_CHARACTER_SET_CLIENT=@@CHARACTER_SET_CLIENT */;
/*!40101 SET @OLD_CHARACTER_SET_RESULTS=@@CHARACTER_SET_RESULTS */;
/*!40101 SET @OLD_COLLATION_CONNECTION=@@COLLATION_CONNECTION */;
/*!50503 SET NAMES utf8mb4 */;
/*!40103 SET @OLD_TIME_ZONE=@@TIME_ZONE */;
/*!40103 SET TIME_ZONE='+00:00' */;
/*!40014 SET @OLD_UNIQUE_CHECKS=@@UNIQUE_CHECKS, UNIQUE_CHECKS=0 */;
/*!40014 SET @OLD_FOREIGN_KEY_CHECKS=@@FOREIGN_KEY_CHECKS, FOREIGN_KEY_CHECKS=0 */;
/*!40101 SET @OLD_SQL_MODE=@@SQL_MODE, SQL_MODE='NO_AUTO_VALUE_ON_ZERO' */;
/*!40111 SET @OLD_SQL_NOTES=@@SQL_NOTES, SQL_NOTES=0 */;
SET @MYSQLDUMP_TEMP_LOG_BIN = @@SESSION.SQL_LOG_BIN;
SET @@SESSION.SQL_LOG_BIN= 0;

--
-- GTID state at the beginning of the backup 
--

SET @@GLOBAL.GTID_PURGED=/*!80000 '+'*/ 'e1a545a4-a575-11ed-805e-901b0e69bed1:1-8730';

--
-- Table structure for table `npc_ws_ticket_events`
--

DROP TABLE IF EXISTS `npc_ws_ticket_events`;
/*!40101 SET @saved_cs_client     = @@character_set_client */;
/*!50503 SET character_set_client = utf8mb4 */;
CREATE TABLE `npc_ws_ticket_events` (
  `EventID` int unsigned NOT NULL,
  `EventName` varchar(255) NOT NULL,
  `EventLogo` varchar(40) NOT NULL,
  `ManagedBy` int unsigned NOT NULL,
  `OrganizedBy` varchar(255) NOT NULL,
  `CreatedStamp` int unsigned NOT NULL,
  `BeginStamp` int unsigned NOT NULL,
  `EndStamp` int unsigned NOT NULL,
  `CanSellTickets` tinyint NOT NULL,
  `IsFinished` tinyint NOT NULL,
  `TicketsSold` int unsigned NOT NULL,
  `CanCancelTickets` tinyint NOT NULL,
  KEY `ManagedBy` (`ManagedBy`),
  KEY `CreatedStamp` (`CreatedStamp`),
  KEY `IsFinished` (`IsFinished`),
  KEY `TicketsSold` (`TicketsSold`),
  KEY `EventID` (`EventID`)
) ENGINE=InnoDB DEFAULT CHARSET=utf8mb3 COMMENT='Events For the ticket center';
/*!40101 SET character_set_client = @saved_cs_client */;

--
-- Dumping data for table `npc_ws_ticket_events`
--

LOCK TABLES `npc_ws_ticket_events` WRITE;
/*!40000 ALTER TABLE `npc_ws_ticket_events` DISABLE KEYS */;
INSERT INTO `npc_ws_ticket_events` VALUES (7768,'Тримата мускетари: Д\'Артанян - Киномания','0',55,'ФОНДАЦИЯ ИМАМ ИДЕЯ',1697987560,1701554400,1701554400,1,0,28,0),(7774,'Клети създания - Киномания','0',55,'ФОНДАЦИЯ ИМАМ ИДЕЯ',1698246549,1701122400,1701122400,1,0,376,0),(7775,'АЗ, КАПИТАН - Киномания','0',55,'ФОНДАЦИЯ ИМАМ ИДЕЯ',1698246774,1700172000,1700172000,1,0,48,0),(7776,'ДИВЕРТИМЕНТО + СИМФОНИЧЕН КОНЦЕРТ НА ФИЛХАРМОНИЯ ПИОНЕР - Киномания','0',55,'ФОНДАЦИЯ ИМАМ ИДЕЯ',1698246902,1700431200,1700431200,1,0,58,0),(7777,'АНАТОМИЯ НА ЕДНО ПАДАНЕ - Киномания','0',55,'ФОНДАЦИЯ ИМАМ ИДЕЯ',1698247053,1700690400,1700690400,1,0,55,0),(7778,'Седемте живота на Леа','0',55,'РОСИ АРТ',1698403270,1699912800,1699912800,1,0,0,0),(7780,'Хитът на сезона','0',55,'ПЕРО И ВЯТЪР ЕООД ',1698737308,1700690400,1700690400,1,0,0,0),(7781,'Възкръсналият','0',55,'ПЕРО И ВЯТЪР ЕООД ',1698737440,1701122400,1701122400,1,0,37,0),(7786,'ПРЕМИЕРА Докато смъртта ни раздели','0',55,'РОСИ АРТ',1699025471,1700604000,1700604000,1,0,2,0),(7787,'ПРЕМИЕРА Докато смъртта ни раздели','0',55,'РОСИ АРТ',1699025607,1701295200,1701295200,1,0,0,0),(7788,'Тест Зала 3 без сигн','0',50,'Тестов Екип',1708700754,1710367200,1710367200,1,0,2,0),(7789,'Тест събитие 666','0',50,'Тест',1753976607,1761948000,1761948000,1,0,1,0);
/*!40000 ALTER TABLE `npc_ws_ticket_events` ENABLE KEYS */;
UNLOCK TABLES;

--
-- Table structure for table `npc_ws_ticket_event_halls`
--

DROP TABLE IF EXISTS `npc_ws_ticket_event_halls`;
/*!40101 SET @saved_cs_client     = @@character_set_client */;
/*!50503 SET character_set_client = utf8mb4 */;
CREATE TABLE `npc_ws_ticket_event_halls` (
  `EventID` int unsigned NOT NULL,
  `HallID` int unsigned NOT NULL,
  `HallInstanceNo` int unsigned NOT NULL,
  `SeatTemplateID` int unsigned NOT NULL,
  `StampBegin` int unsigned NOT NULL,
  `StampEnd` int unsigned NOT NULL,
  `HallTicketsSold` int NOT NULL,
  `EventsFrom` int NOT NULL,
  `EventsTo` int NOT NULL,
  `CanSellHall` tinyint NOT NULL DEFAULT '0',
  `VatPercent` float NOT NULL DEFAULT '0',
  `CommissionPercent` float NOT NULL DEFAULT '0',
  `TicketsIncome` double(14,3) NOT NULL,
  `LawVat` float NOT NULL,
  KEY `HallID` (`HallID`),
  KEY `SeatTemplateID` (`SeatTemplateID`),
  KEY `TotalIDX` (`EventID`,`HallID`,`HallInstanceNo`),
  KEY `EventID` (`EventID`),
  KEY `EventsFrom` (`EventsFrom`),
  KEY `EventsTo` (`EventsTo`)
) ENGINE=InnoDB DEFAULT CHARSET=utf8mb3 COMMENT='Halls(ticketing) for each event';
/*!40101 SET character_set_client = @saved_cs_client */;

--
-- Dumping data for table `npc_ws_ticket_event_halls`
--

LOCK TABLES `npc_ws_ticket_event_halls` WRITE;
/*!40000 ALTER TABLE `npc_ws_ticket_event_halls` DISABLE KEYS */;
INSERT INTO `npc_ws_ticket_event_halls` VALUES (7768,94,1,19,1701624600,1701628199,28,1701624600,1701628199,1,20,0,258.000,20),(7774,94,1,19,1701190800,1701194399,376,1701190800,1701194399,1,20,0,4476.000,20),(7775,94,1,19,1700240400,1700243999,48,1700240400,1700243999,1,20,0,190.000,20),(7776,94,1,19,1700499600,1700503199,58,1700499600,1700503199,1,20,0,325.000,20),(7777,94,1,19,1700758800,1700762399,55,1700758800,1700762399,1,20,0,512.000,20),(7778,92,1,17,1699983000,1699986599,0,1699983000,1699986599,1,0,0,0.000,0),(7780,92,1,17,1700760600,1700764199,0,1700760600,1700764199,1,0,0,0.000,0),(7781,92,1,17,1701192600,1701196199,37,1701192600,1701196199,1,0,0,925.000,0),(7786,92,1,17,1700674200,1700677799,2,1700674200,1700677799,1,0,0,40.000,0),(7787,92,1,17,1701365400,1701368999,0,1701365400,1701368999,1,0,0,0.000,0),(7788,106,1,31,1710435000,1710442199,2,1710435000,1710442199,1,0,0,0.000,0),(7789,0,1,1,1762012800,1762030199,1,1762012800,1762030199,1,0,0,1.000,0);
/*!40000 ALTER TABLE `npc_ws_ticket_event_halls` ENABLE KEYS */;
UNLOCK TABLES;

--
-- Table structure for table `npc_ws_event_zones`
--

DROP TABLE IF EXISTS `npc_ws_event_zones`;
/*!40101 SET @saved_cs_client     = @@character_set_client */;
/*!50503 SET character_set_client = utf8mb4 */;
CREATE TABLE `npc_ws_event_zones` (
  `EventZoneID` int unsigned NOT NULL AUTO_INCREMENT,
  `EventID` int unsigned NOT NULL,
  `HallID` int unsigned NOT NULL,
  `HallInstanceNo` int unsigned NOT NULL,
  `UnitPrice` float(10,2) NOT NULL,
  `Description` varchar(255) NOT NULL,
  `RightsType` tinyint NOT NULL,
  `RightsParams` varchar(255) NOT NULL,
  `CanSellOnline` tinyint unsigned NOT NULL DEFAULT '0',
  PRIMARY KEY (`EventZoneID`),
  KEY `EventID` (`EventID`),
  KEY `HallID` (`HallID`),
  KEY `Instno` (`HallInstanceNo`)
) ENGINE=InnoDB AUTO_INCREMENT=20468 DEFAULT CHARSET=utf8mb3;
/*!40101 SET character_set_client = @saved_cs_client */;

--
-- Dumping data for table `npc_ws_event_zones`
--

LOCK TABLES `npc_ws_event_zones` WRITE;
/*!40000 ALTER TABLE `npc_ws_event_zones` DISABLE KEYS */;
INSERT INTO `npc_ws_event_zones` VALUES (20340,7768,94,1,12.00,'12',0,'',1),(20353,7774,94,1,12.00,'12',0,'',1),(20355,7775,94,1,12.00,'12',0,'',1),(20357,7776,94,1,15.00,'15',0,'',1),(20359,7777,94,1,12.00,'12',0,'',1),(20363,7778,92,1,20.00,'20',0,'',1),(20420,7780,92,1,25.00,'25',0,'',1),(20421,7780,92,1,22.00,'22',0,'',1),(20423,7781,92,1,25.00,'25',0,'',1),(20446,7786,92,1,20.00,'20',0,'',1),(20448,7787,92,1,20.00,'20',0,'',1),(20463,7788,106,1,0.00,'Всички останали',0,'',1),(20466,7789,0,1,2.00,'1 етаж',0,'',1);
/*!40000 ALTER TABLE `npc_ws_event_zones` ENABLE KEYS */;
UNLOCK TABLES;

--
-- Table structure for table `npc_ws_event_zone_seats`
--

DROP TABLE IF EXISTS `npc_ws_event_zone_seats`;
/*!40101 SET @saved_cs_client     = @@character_set_client */;
/*!50503 SET character_set_client = utf8mb4 */;
CREATE TABLE `npc_ws_event_zone_seats` (
  `EventZoneID` int unsigned NOT NULL,
  `SeatID` int unsigned NOT NULL,
  `Status` tinyint NOT NULL,
  `Details` char(13) NOT NULL,
  `LastTouch` int unsigned NOT NULL,
  `UserID` int NOT NULL,
  `Price` double NOT NULL,
  KEY `EventZoneID` (`EventZoneID`),
  KEY `SeatID` (`SeatID`),
  KEY `LastTouch` (`LastTouch`)
) ENGINE=InnoDB DEFAULT CHARSET=utf8mb3;
/*!40101 SET character_set_client = @saved_cs_client */;

--
-- Dumping data for table `npc_ws_event_zone_seats`
--

LOCK TABLES `npc_ws_event_zone_seats` WRITE;
/*!40000 ALTER TABLE `npc_ws_event_zone_seats` DISABLE KEYS */;
INSERT INTO `npc_ws_event_zone_seats` VALUES (20340,1,0,'',0,0,0),(20340,2,0,'',0,0,0),(20340,3,0,'',0,0,0),(20340,4,0,'',0,0,0),(20340,5,0,'',0,0,0),(20340,6,0,'',0,0,0),(20340,7,0,'',0,0,0),(20340,8,0,'',0,0,0),(20340,9,0,'',0,0,0),(20340,10,0,'',0,0,0),(20340,11,0,'',0,0,0),(20340,12,0,'',0,0,0),(20340,13,0,'',0,0,0),(20340,14,0,'',0,0,0),(20340,15,0,'',0,0,0),(20340,16,0,'',0,0,0),(20340,17,0,'',0,0,0),(20340,18,0,'',0,0,0),(20340,19,0,'',0,0,0),(20340,20,0,'',0,0,0),(20340,21,0,'',0,0,0),(20340,22,0,'',0,0,0),(20340,23,0,'',0,0,0),(20340,24,0,'',0,0,0),(20340,25,0,'',0,0,0),(20340,26,0,'',0,0,0),(20340,27,0,'',0,0,0),(20340,28,0,'',0,0,0),(20340,29,0,'',0,0,0),(20340,30,0,'',0,0,0),(20340,31,0,'',0,0,0),(20340,32,0,'',0,0,0),(20340,33,0,'',0,0,0),(20340,34,0,'',0,0,0),(20340,35,0,'',0,0,0),(20340,36,0,'',0,0,0),(20340,37,0,'',0,0,0),(20340,38,0,'',0,0,0),(20340,39,0,'',0,0,0),(20340,40,0,'',0,0,0),(20340,41,0,'',0,0,0),(20340,42,0,'',0,0,0),(20340,43,0,'',0,0,0),(20340,44,0,'',0,0,0),(20340,45,0,'',0,0,0),(20340,46,0,'',0,0,0),(20340,47,0,'',0,0,0),(20340,48,0,'',0,0,0),(20340,49,0,'',0,0,0),(20340,50,0,'',0,0,0),(20340,51,0,'',0,0,0),(20340,52,0,'',0,0,0),(20340,53,0,'',0,0,0),(20340,54,0,'',0,0,0),(20340,55,0,'',0,0,0),(20340,56,0,'',0,0,0),(20340,57,0,'',0,0,0),(20340,58,0,'',0,0,0),(20340,59,0,'',0,0,0),(20340,60,0,'',0,0,0),(20340,61,0,'',0,0,0),(20340,62,0,'',0,0,0),(20340,63,0,'',0,0,0),(20340,64,0,'',0,0,0),(20340,65,0,'',0,0,0),(20340,66,0,'',0,0,0),(20340,67,0,'',0,0,0),(20340,68,0,'',0,0,0),(20340,69,0,'',0,0,0),(20340,70,0,'',0,0,0),(20340,71,0,'',0,0,0),(20340,72,0,'',0,0,0),(20340,73,0,'',0,0,0),(20340,74,0,'',0,0,0),(20340,75,0,'',0,0,0),(20340,76,0,'',0,0,0),(20340,77,0,'',0,0,0),(20340,78,0,'',0,0,0),(20340,79,0,'',0,0,0),(20340,80,0,'',0,0,0),(20340,81,0,'',0,0,0),(20340,82,0,'',0,0,0),(20340,83,4,'',1699010482,61,12),(20340,84,5,'',1699010450,61,12),(20340,85,0,'',0,0,0),(20340,86,0,'',0,0,0),(20340,87,0,'',0,0,0),(20340,88,0,'',0,0,0),(20340,89,0,'',0,0,0),(20340,90,0,'',0,0,0),(20340,91,0,'',0,0,0),(20340,92,0,'',0,0,0),(20340,93,0,'',0,0,0),(20340,94,0,'',0,0,0),(20340,95,0,'',0,0,0),(20340,102,0,'',0,0,0),(20340,103,0,'',0,0,0),(20340,104,0,'',0,0,0),(20340,105,0,'',0,0,0),(20340,106,0,'',0,0,0),(20340,107,0,'',0,0,0),(20340,108,0,'',0,0,0),(20340,109,0,'',0,0,0),(20340,110,0,'',0,0,0),(20340,111,0,'',0,0,0),(20340,112,0,'',0,0,0),(20340,113,0,'',0,0,0),(20340,114,0,'',0,0,0),(20340,115,0,'',0,0,0),(20340,116,0,'',0,0,0),(20340,117,4,'',1699097351,67,12),(20340,118,4,'',1699097351,67,12),(20340,119,0,'',0,0,0),(20340,120,0,'',0,0,0),(20340,121,0,'',0,0,0),(20340,122,0,'',0,0,0),(20340,123,0,'',0,0,0),(20340,124,0,'',0,0,0),(20340,125,0,'',0,0,0),(20340,126,0,'',0,0,0),(20340,127,0,'',0,0,0),(20340,128,0,'',0,0,0),(20340,129,0,'',0,0,0),(20340,130,0,'',0,0,0),(20340,131,0,'',0,0,0),(20340,132,0,'',0,0,0),(20340,133,0,'',0,0,0),(20340,134,5,'',1699196753,85,12),(20340,135,5,'',1699196753,85,12),(20340,136,0,'',0,0,0),(20340,137,0,'',0,0,0),(20340,138,0,'',0,0,0),(20340,139,0,'',0,0,0),(20340,140,0,'',0,0,0),(20340,141,0,'',0,0,0),(20340,142,0,'',0,0,0),(20340,143,0,'',0,0,0),(20340,144,0,'',0,0,0),(20340,145,0,'',0,0,0),(20340,146,0,'',0,0,0),(20340,147,0,'',0,0,0),(20340,148,0,'',0,0,0),(20340,149,0,'',0,0,0),(20340,150,5,'',1699267122,69,10),(20340,151,5,'',1699267122,69,10),(20340,152,5,'',1699267122,69,10),(20340,153,0,'',0,0,0),(20340,154,0,'',0,0,0),(20340,155,0,'',0,0,0),(20340,156,0,'',0,0,0),(20340,157,0,'',0,0,0),(20340,158,0,'',0,0,0),(20340,159,0,'',0,0,0),(20340,160,0,'',0,0,0),(20340,161,0,'',0,0,0),(20340,162,0,'',0,0,0),(20340,163,0,'',0,0,0),(20340,164,0,'',0,0,0),(20340,165,0,'',0,0,0),(20340,166,0,'',0,0,0),(20340,167,0,'',0,0,0),(20340,168,0,'',0,0,0),(20340,169,0,'',0,0,0),(20340,170,0,'',0,0,0),(20340,171,0,'',0,0,0),(20340,172,0,'',0,0,0),(20340,173,0,'',0,0,0),(20340,174,0,'',0,0,0),(20340,175,0,'',0,0,0),(20340,176,0,'',0,0,0),(20340,177,0,'',0,0,0),(20340,178,0,'',0,0,0),(20340,179,0,'',0,0,0),(20340,180,0,'',0,0,0),(20340,181,0,'',0,0,0),(20340,182,0,'',0,0,0),(20340,183,0,'',0,0,0),(20340,184,0,'',0,0,0),(20340,185,0,'',0,0,0),(20340,186,0,'',0,0,0),(20340,187,0,'',0,0,0),(20340,188,0,'',0,0,0),(20340,189,0,'',0,0,0),(20340,190,0,'',0,0,0),(20340,191,0,'',0,0,0),(20340,192,0,'',0,0,0),(20340,193,0,'',0,0,0),(20340,194,0,'',0,0,0),(20340,195,0,'',0,0,0),(20340,196,0,'',0,0,0),(20340,197,0,'',0,0,0),(20340,198,0,'',0,0,0),(20340,199,0,'',0,0,0),(20340,200,0,'',0,0,0),(20340,201,0,'',0,0,0),(20340,202,0,'',0,0,0),(20340,203,0,'',0,0,0),(20340,204,0,'',0,0,0),(20340,205,0,'',0,0,0),(20340,206,0,'',0,0,0),(20340,207,0,'',0,0,0),(20340,208,0,'',0,0,0),(20340,209,0,'',0,0,0),(20340,210,0,'',0,0,0),(20340,211,0,'',0,0,0),(20340,212,0,'',0,0,0),(20340,213,0,'',0,0,0),(20340,214,0,'',0,0,0),(20340,215,0,'',0,0,0),(20340,216,0,'',0,0,0),(20340,217,5,'',1698854658,43,12),(20340,218,5,'',1698854658,43,12),(20340,219,5,'',1698854658,43,12),(20340,220,0,'',0,0,0),(20340,221,0,'',0,0,0),(20340,222,0,'',0,0,0),(20340,223,0,'',0,0,0),(20340,224,0,'',0,0,0),(20340,225,0,'',0,0,0),(20340,226,0,'',0,0,0),(20340,227,0,'',0,0,0),(20340,228,0,'',0,0,0),(20340,229,0,'',0,0,0),(20340,230,0,'',0,0,0),(20340,231,0,'',0,0,0),(20340,232,0,'',0,0,0),(20340,233,0,'',0,0,0),(20340,234,0,'',0,0,0),(20340,235,0,'',0,0,0),(20340,236,0,'',0,0,0),(20340,237,0,'',0,0,0),(20340,238,0,'',0,0,0),(20340,239,0,'',0,0,0),(20340,240,0,'',0,0,0),(20340,241,0,'',0,0,0),(20340,242,0,'',0,0,0),(20340,243,0,'',0,0,0),(20340,244,0,'',0,0,0),(20340,245,0,'',0,0,0),(20340,246,0,'',0,0,0),(20340,247,0,'',0,0,0),(20340,248,0,'',0,0,0),(20340,249,0,'',0,0,0),(20340,250,0,'',0,0,0),(20340,251,0,'',0,0,0),(20340,252,0,'',0,0,0),(20340,253,0,'',0,0,0),(20340,271,0,'',0,0,0),(20340,272,0,'',0,0,0),(20340,273,0,'',0,0,0),(20340,274,0,'',0,0,0),(20340,275,0,'',0,0,0),(20340,276,0,'',0,0,0),(20340,277,0,'',0,0,0),(20340,278,0,'',0,0,0),(20340,279,0,'',0,0,0),(20340,280,0,'',0,0,0),(20340,281,0,'',0,0,0),(20340,282,0,'',0,0,0),(20340,283,0,'',0,0,0),(20340,284,1,'',1699516545,67,0),(20340,285,1,'',1699516545,67,0),(20340,286,4,'',1698926051,67,12),(20340,287,4,'',1698926051,67,12),(20340,288,0,'',0,0,0),(20340,289,0,'',0,0,0),(20340,290,0,'',0,0,0),(20340,291,0,'',0,0,0),(20340,292,0,'',0,0,0),(20340,293,0,'',0,0,0),(20340,294,0,'',0,0,0),(20340,295,0,'',0,0,0),(20340,296,0,'',0,0,0),(20340,297,0,'',0,0,0),(20340,298,0,'',0,0,0),(20340,299,0,'',0,0,0),(20340,300,0,'',0,0,0),(20340,301,0,'',0,0,0),(20340,302,0,'',0,0,0),(20340,303,0,'',0,67,0),(20340,304,4,'',1698831424,85,12),(20340,305,0,'',0,0,0),(20340,306,0,'',0,0,0),(20340,307,0,'',0,0,0),(20340,308,0,'',0,0,0),(20340,309,0,'',0,0,0),(20340,310,0,'',0,0,0),(20340,311,0,'',0,0,0),(20340,312,0,'',0,0,0),(20340,313,0,'',0,0,0),(20340,314,0,'',0,0,0),(20340,315,0,'',0,0,0),(20340,316,0,'',0,0,0),(20340,317,0,'',0,0,0),(20340,318,0,'',0,0,0),(20340,319,0,'',0,0,0),(20340,320,4,'',1699097471,67,12),(20340,321,4,'',1699097471,67,12),(20340,322,0,'',0,0,0),(20340,323,0,'',0,0,0),(20340,324,0,'',0,0,0),(20340,325,0,'',0,0,0),(20340,326,0,'',0,0,0),(20340,327,0,'',0,0,0),(20340,328,0,'',0,0,0),(20340,329,0,'',0,0,0),(20340,330,0,'',0,0,0),(20340,331,0,'',0,0,0),(20340,332,0,'',0,0,0),(20340,333,0,'',0,0,0),(20340,334,0,'',0,0,0),(20340,335,0,'',0,0,0),(20340,336,0,'',0,0,0),(20340,337,0,'',0,0,0),(20340,338,0,'',0,0,0),(20340,339,0,'',0,0,0),(20340,340,0,'',0,0,0),(20340,341,0,'',0,0,0),(20340,342,0,'',0,0,0),(20340,343,0,'',0,0,0),(20340,344,0,'',0,0,0),(20340,345,0,'',0,0,0),(20340,346,0,'',0,0,0),(20340,347,0,'',0,0,0),(20340,348,0,'',0,0,0),(20340,349,0,'',0,0,0),(20340,350,0,'',0,0,0),(20340,351,0,'',0,0,0),(20340,352,0,'',0,0,0),(20340,353,0,'',0,0,0),(20340,354,0,'',0,0,0),(20340,355,4,'',1699096573,43,12),(20340,356,0,'',0,0,0),(20340,357,0,'',0,0,0),(20340,358,0,'',0,0,0),(20340,359,0,'',0,0,0),(20340,360,0,'',0,0,0),(20340,361,0,'',0,0,0),(20340,362,0,'',0,0,0),(20340,363,0,'',0,0,0),(20340,364,0,'',0,0,0),(20340,365,0,'',0,0,0),(20340,366,0,'',0,0,0),(20340,367,0,'',0,0,0),(20340,368,0,'',0,0,0),(20340,369,5,'',1699272309,41,12),(20340,370,5,'',1699272309,41,12),(20340,371,5,'',1699272309,41,12),(20340,372,5,'',1699272309,41,12),(20353,1,4,'',1699195821,85,10),(20353,2,4,'',1699195821,85,10),(20353,3,4,'',1699192218,85,12),(20353,4,4,'',1699192218,85,12),(20353,5,4,'',1699182371,67,12),(20353,6,4,'',1699096871,67,12),(20353,7,4,'',1699096871,67,12),(20353,8,4,'',1699097951,67,12),(20353,9,4,'',1699097951,67,12),(20353,10,4,'',1699097651,67,12),(20353,11,4,'',1699097651,67,12),(20353,12,4,'',1699012691,67,12),(20353,13,4,'',1699012691,67,12),(20353,14,4,'',1699007491,84,12),(20353,15,4,'',1698839891,67,12),(20353,16,4,'',1698839891,67,12),(20353,17,4,'',1699184891,67,12),(20353,18,4,'',1699184891,67,12),(20353,19,0,'',0,0,0),(20353,20,4,'',1699010111,67,12),(20353,21,4,'',1699010111,67,12),(20353,22,4,'',1699009991,67,12),(20353,23,4,'',1699009991,67,12),(20353,24,4,'',1698837011,67,12),(20353,25,4,'',1698837011,67,12),(20353,26,4,'',1698838511,67,12),(20353,27,4,'',1698838511,67,12),(20353,28,4,'',1698838511,67,12),(20353,29,4,'',1698490510,67,12),(20353,30,4,'',1698490510,67,12),(20353,31,4,'',1698490510,67,12),(20353,32,4,'',1698490570,67,12),(20353,33,4,'',1698490570,67,12),(20353,34,4,'',1699269191,67,12),(20353,35,4,'',1699269191,67,12),(20353,36,4,'',1699269191,67,12),(20353,37,4,'',1699269191,67,12),(20353,38,4,'',1699269191,67,12),(20353,39,4,'',1698925211,67,12),(20353,40,4,'',1698925211,67,12),(20353,41,4,'',1698315430,67,12),(20353,42,4,'',1698315130,67,12),(20353,43,4,'',1698315130,67,12),(20353,44,4,'',1698315130,67,12),(20353,45,4,'',1698315130,67,12),(20353,46,4,'',1699096148,43,12),(20353,47,4,'',1698771207,41,12),(20353,48,4,'',1698771207,41,12),(20353,49,5,'',1698504404,85,12),(20353,50,5,'',1698504404,85,12),(20353,51,5,'',1699189819,61,12),(20353,52,4,'',1699096871,67,12),(20353,53,4,'',1698924251,67,12),(20353,54,4,'',1698924251,67,12),(20353,55,4,'',1698839591,67,12),(20353,56,4,'',1698839591,67,12),(20353,57,4,'',1698839591,67,12),(20353,58,5,'',1699189370,85,12),(20353,59,5,'',1699189370,85,12),(20353,60,4,'',1698836711,67,12),(20353,61,4,'',1698837431,67,12),(20353,62,4,'',1698837431,67,12),(20353,63,4,'',1698747430,67,12),(20353,64,4,'',1698747430,67,12),(20353,65,4,'',1698747430,67,12),(20353,66,4,'',1698315310,67,12),(20353,67,4,'',1698315310,67,12),(20353,68,4,'',1698837791,67,12),(20353,69,4,'',1698837791,67,12),(20353,70,4,'',1699185371,67,12),(20353,71,4,'',1699185371,67,12),(20353,72,5,'',1699185127,61,12),(20353,73,5,'',1699185127,61,12),(20353,74,4,'',1698839651,67,12),(20353,75,4,'',1698839651,67,12),(20353,76,4,'',1698663490,67,12),(20353,77,4,'',1699096991,67,12),(20353,78,4,'',1699096991,67,12),(20353,79,4,'',1698747310,67,12),(20353,80,4,'',1698747310,67,12),(20353,81,5,'',1698489287,85,12),(20353,82,5,'',1698489287,85,12),(20353,83,4,'',1698482322,84,12),(20353,84,4,'',1698482322,84,12),(20353,85,5,'',1699103256,84,12),(20353,86,5,'',1699028442,84,12),(20353,87,5,'',1699028442,84,12),(20353,88,4,'',1698838871,67,12),(20353,89,4,'',1698838871,67,12),(20353,90,4,'',1698838871,67,12),(20353,91,4,'',1699009511,67,12),(20353,92,4,'',1699009511,67,12),(20353,93,4,'',1699009511,67,12),(20353,94,4,'',1699009511,67,12),(20353,95,4,'',1698749050,67,12),(20353,96,4,'',1698749050,67,12),(20353,97,5,'',1698418636,69,12),(20353,98,5,'',1698418636,69,12),(20353,99,5,'',1698418636,69,12),(20353,100,4,'',1698482322,84,12),(20353,101,4,'',1698482322,84,12),(20353,102,5,'',1699019649,84,12),(20353,103,5,'',1699019649,84,12),(20353,104,5,'',1699018418,61,12),(20353,105,4,'',1698924371,67,12),(20353,106,4,'',1698924371,67,12),(20353,107,4,'',1698838751,67,12),(20353,108,4,'',1698838751,67,12),(20353,109,4,'',1698838751,67,12),(20353,110,4,'',1698839231,67,12),(20353,111,4,'',1698839231,67,12),(20353,112,4,'',1698490150,67,12),(20353,113,4,'',1698490150,67,12),(20353,114,4,'',1698490150,67,12),(20353,115,4,'',1698403330,67,12),(20353,116,4,'',1698403330,67,12),(20353,117,4,'',1698662830,67,12),(20353,118,4,'',1698662830,67,12),(20353,119,5,'',1698921277,61,10),(20353,120,5,'',1698921277,61,10),(20353,121,5,'',1698921277,61,10),(20353,122,5,'',1698921277,61,10),(20353,123,5,'',1698921277,61,10),(20353,124,4,'',1698836651,67,12),(20353,125,4,'',1698836651,67,12),(20353,126,4,'',1699097711,67,12),(20353,127,4,'',1699097711,67,12),(20353,128,4,'',1698838451,67,12),(20353,129,4,'',1698838451,67,12),(20353,130,4,'',1698748630,67,12),(20353,131,4,'',1698748630,67,12),(20353,132,4,'',1698748510,67,12),(20353,133,4,'',1698748510,67,12),(20353,134,4,'',1698317470,67,12),(20353,135,4,'',1698317470,67,12),(20353,136,1,'',1699359554,67,0),(20353,137,1,'',1699359554,67,0),(20353,138,5,'',1698922082,61,12),(20353,139,5,'',1698922082,61,12),(20353,140,4,'',1698837671,67,12),(20353,141,4,'',1698837671,67,12),(20353,142,4,'',1698839111,67,12),(20353,143,4,'',1698839111,67,12),(20353,144,4,'',1698747250,67,12),(20353,145,4,'',1698747250,67,12),(20353,146,4,'',1698747250,67,12),(20353,147,4,'',1698747370,67,12),(20353,148,4,'',1698747370,67,12),(20353,149,4,'',1698747370,67,12),(20353,150,4,'',1698747370,67,12),(20353,151,4,'',1698402550,67,12),(20353,152,4,'',1698402550,67,12),(20353,153,4,'',1699096091,67,12),(20353,154,4,'',1699096091,67,12),(20353,155,5,'',1698932679,84,12),(20353,156,5,'',1698932679,84,12),(20353,157,4,'',1698925211,67,12),(20353,158,4,'',1698925211,67,12),(20353,159,4,'',1698924671,67,12),(20353,160,4,'',1698924671,67,12),(20353,161,4,'',1698746410,67,12),(20353,162,4,'',1698746410,67,12),(20353,163,5,'',1698922705,84,10),(20353,164,5,'',1699026706,84,12),(20353,165,5,'',1699026706,84,12),(20353,166,4,'',1698749170,67,12),(20353,167,4,'',1698749170,67,12),(20353,168,4,'',1698661870,67,12),(20353,169,4,'',1698661870,67,12),(20353,170,4,'',1699096091,67,12),(20353,171,4,'',1699096091,67,12),(20353,172,5,'',1698932485,69,12),(20353,173,5,'',1698932485,69,12),(20353,174,5,'',1698932485,69,12),(20353,175,5,'',1698932485,69,12),(20353,176,4,'',1698925751,67,12),(20353,177,4,'',1698925751,67,12),(20353,178,4,'',1698926351,67,12),(20353,179,4,'',1698926351,67,12),(20353,180,4,'',1698925931,67,12),(20353,181,4,'',1698838991,67,12),(20353,182,4,'',1698838991,67,12),(20353,183,4,'',1698837431,67,12),(20353,184,4,'',1698837431,67,12),(20353,185,4,'',1698314950,67,12),(20353,186,4,'',1698314950,67,12),(20353,187,5,'',1699196654,85,12),(20353,188,5,'',1699196654,85,12),(20353,189,4,'',1699185431,67,12),(20353,190,4,'',1699185431,67,12),(20353,191,4,'',1699185431,67,12),(20353,192,4,'',1699098551,67,12),(20353,193,4,'',1699097591,67,12),(20353,194,4,'',1699097591,67,12),(20353,195,4,'',1699097651,67,12),(20353,196,4,'',1699097651,67,12),(20353,197,4,'',1699011491,67,12),(20353,198,4,'',1699011491,67,12),(20353,199,4,'',1699010171,67,12),(20353,200,4,'',1699010171,67,12),(20353,201,4,'',1698836411,67,12),(20353,202,4,'',1698836411,67,12),(20353,203,1,'',1699383434,67,0),(20353,204,4,'',1699011791,67,12),(20353,205,4,'',1699011791,67,12),(20353,206,4,'',1699011791,67,12),(20353,207,5,'',1698857077,41,12),(20353,208,5,'',1698857077,41,12),(20353,209,5,'',1698857077,41,12),(20353,210,5,'',1698857077,41,12),(20353,211,5,'',1698857077,41,12),(20353,212,5,'',1698857077,41,12),(20353,213,5,'',1698857077,41,12),(20353,214,4,'',1698749110,67,12),(20353,215,4,'',1698749110,67,12),(20353,216,4,'',1698749110,67,12),(20353,217,4,'',1699096631,67,12),(20353,218,4,'',1698408780,84,12),(20353,219,4,'',1698408780,84,12),(20353,220,4,'',1699010831,67,12),(20353,221,4,'',1699010831,67,12),(20353,222,4,'',1699010831,67,12),(20353,223,4,'',1699010831,67,12),(20353,224,4,'',1698838151,67,12),(20353,225,4,'',1698838151,67,12),(20353,226,4,'',1698838151,67,12),(20353,227,4,'',1698838151,67,12),(20353,228,4,'',1698838151,67,12),(20353,229,4,'',1698838151,67,12),(20353,230,4,'',1698574150,67,12),(20353,231,4,'',1698574150,67,12),(20353,232,4,'',1698574150,67,12),(20353,233,4,'',1698574150,67,12),(20353,234,4,'',1698660970,67,12),(20353,235,4,'',1698660970,67,12),(20353,236,4,'',1698488230,67,12),(20353,237,4,'',1699098671,67,12),(20353,238,4,'',1698922931,67,12),(20353,239,4,'',1698922931,67,12),(20353,240,4,'',1698922931,67,12),(20353,241,4,'',1698838151,67,12),(20353,242,4,'',1698838151,67,12),(20353,243,4,'',1698838151,67,12),(20353,244,4,'',1698838151,67,12),(20353,245,5,'',1698829734,85,12),(20353,246,5,'',1698829734,85,12),(20353,247,5,'',1698829734,85,12),(20353,248,4,'',1698574390,67,12),(20353,249,4,'',1698574390,67,12),(20353,250,4,'',1698574390,67,12),(20353,251,4,'',1698746410,67,12),(20353,252,4,'',1698746410,67,12),(20353,253,4,'',1698746410,67,12),(20353,271,4,'',1699096751,67,12),(20353,272,4,'',1698924851,67,12),(20353,273,4,'',1698924851,67,12),(20353,274,4,'',1698838871,67,12),(20353,275,4,'',1698838871,67,12),(20353,276,4,'',1698843574,85,10),(20353,277,4,'',1698843574,85,10),(20353,278,4,'',1698748150,67,12),(20353,279,4,'',1698748150,67,12),(20353,280,5,'',1698758465,41,12),(20353,281,5,'',1698758465,41,12),(20353,282,5,'',1698758465,41,12),(20353,283,5,'',1698752639,61,12),(20353,284,4,'',1698402370,67,12),(20353,285,4,'',1698402370,67,12),(20353,286,4,'',1698316870,67,12),(20353,287,4,'',1698316870,67,12),(20353,288,4,'',1699096751,67,12),(20353,289,4,'',1699012211,67,12),(20353,290,4,'',1699012211,67,12),(20353,291,4,'',1698839531,67,12),(20353,292,4,'',1698839531,67,12),(20353,293,4,'',1698839531,67,12),(20353,294,4,'',1699097171,67,12),(20353,295,4,'',1699097171,67,12),(20353,296,5,'',1698861395,85,10),(20353,297,5,'',1698861395,85,10),(20353,298,5,'',1698861458,85,12),(20353,299,4,'',1698499141,85,12),(20353,300,4,'',1698499141,85,12),(20353,301,5,'',1698829377,85,10),(20353,302,4,'',1698746470,67,12),(20353,303,4,'',1698675416,61,12),(20353,304,4,'',1698399893,84,12),(20353,305,4,'',1699183751,67,12),(20353,306,4,'',1699005694,84,10),(20353,307,4,'',1699005694,84,10),(20353,308,4,'',1698924551,67,12),(20353,309,4,'',1698924551,67,12),(20353,310,4,'',1698837191,67,12),(20353,311,4,'',1698837191,67,12),(20353,312,4,'',1698747730,67,12),(20353,313,4,'',1698747730,67,12),(20353,314,4,'',1698747730,67,12),(20353,315,4,'',1698747730,67,12),(20353,316,4,'',1698747730,67,12),(20353,317,4,'',1698747730,67,12),(20353,318,5,'',1698421750,61,12),(20353,319,5,'',1698421750,61,12),(20353,320,4,'',1698230050,67,12),(20353,321,4,'',1698230050,67,12),(20353,322,4,'',1699098971,67,12),(20353,323,4,'',1699005731,84,12),(20353,324,4,'',1699005731,84,12),(20353,325,4,'',1698838751,67,12),(20353,326,4,'',1698838751,67,12),(20353,327,4,'',1698838751,67,12),(20353,328,4,'',1698838751,67,12),(20353,329,4,'',1699009391,67,12),(20353,330,5,'',1698828910,85,12),(20353,331,5,'',1698828910,85,12),(20353,332,5,'',1699189510,85,10),(20353,333,4,'',1699014466,61,12),(20353,334,4,'',1699014466,61,12),(20353,335,4,'',1698748150,67,12),(20353,336,4,'',1698748150,67,12),(20353,337,4,'',1698316570,67,12),(20353,338,4,'',1698316570,67,12),(20353,339,4,'',1699098971,67,12),(20353,340,4,'',1699010171,67,12),(20353,341,4,'',1699010171,67,12),(20353,342,4,'',1698839891,67,12),(20353,343,4,'',1698839891,67,12),(20353,344,4,'',1698839891,67,12),(20353,345,4,'',1698839891,67,12),(20353,346,5,'',1699090496,84,12),(20353,347,5,'',1699090496,84,12),(20353,348,5,'',1699090496,84,12),(20353,349,5,'',1699090496,84,12),(20353,350,4,'',1698860414,85,12),(20353,351,4,'',1698860414,85,12),(20353,352,5,'',1698667129,84,12),(20353,353,5,'',1698667129,84,12),(20353,354,5,'',1698667129,84,12),(20353,355,5,'',1698503900,69,10),(20353,356,4,'',1699098971,67,12),(20353,357,4,'',1699098971,67,12),(20353,358,4,'',1698923531,67,12),(20353,359,4,'',1698923531,67,12),(20353,360,4,'',1698934502,69,10),(20353,361,4,'',1698923951,67,12),(20353,362,4,'',1698923951,67,12),(20353,363,4,'',1698923951,67,12),(20353,364,4,'',1698925331,67,12),(20353,365,4,'',1698925331,67,12),(20353,366,4,'',1698837191,67,12),(20353,367,4,'',1698838811,67,12),(20353,368,4,'',1698838811,67,12),(20353,369,4,'',1699097591,67,12),(20353,370,4,'',1699096751,67,12),(20353,371,4,'',1698838811,67,12),(20353,372,4,'',1698838811,67,12),(20355,1,0,'',0,0,0),(20355,2,0,'',0,0,0),(20355,3,0,'',0,0,0),(20355,4,0,'',0,0,0),(20355,5,0,'',0,0,0),(20355,6,0,'',0,0,0),(20355,7,0,'',0,0,0),(20355,8,0,'',0,0,0),(20355,9,0,'',0,0,0),(20355,10,0,'',0,0,0),(20355,11,0,'',0,0,0),(20355,12,0,'',0,0,0),(20355,13,0,'',0,0,0),(20355,14,0,'',0,0,0),(20355,15,0,'',0,0,0),(20355,16,0,'',0,0,0),(20355,17,0,'',0,0,0),(20355,18,0,'',0,0,0),(20355,19,0,'',0,0,0),(20355,20,0,'',0,0,0),(20355,21,0,'',0,0,0),(20355,22,0,'',0,0,0),(20355,23,0,'',0,0,0),(20355,24,0,'',0,0,0),(20355,25,0,'',0,0,0),(20355,26,0,'',0,0,0),(20355,27,0,'',0,0,0),(20355,28,0,'',0,0,0),(20355,29,0,'',0,0,0),(20355,30,0,'',0,0,0),(20355,31,0,'',0,0,0),(20355,32,0,'',0,0,0),(20355,33,0,'',0,0,0),(20355,34,0,'',0,0,0),(20355,35,0,'',0,0,0),(20355,36,0,'',0,0,0),(20355,37,0,'',0,0,0),(20355,38,0,'',0,0,0),(20355,39,0,'',0,0,0),(20355,40,0,'',0,0,0),(20355,41,0,'',0,0,0),(20355,42,0,'',0,0,0),(20355,43,0,'',0,0,0),(20355,44,0,'',0,0,0),(20355,45,0,'',0,0,0),(20355,46,0,'',0,0,0),(20355,47,0,'',0,0,0),(20355,48,0,'',0,0,0),(20355,49,0,'',0,0,0),(20355,50,0,'',0,0,0),(20355,51,0,'',0,0,0),(20355,52,0,'',0,0,0),(20355,53,0,'',0,0,0),(20355,54,0,'',0,0,0),(20355,55,0,'',0,0,0),(20355,56,0,'',0,0,0),(20355,57,0,'',0,0,0),(20355,58,0,'',0,0,0),(20355,59,0,'',0,0,0),(20355,60,0,'',0,0,0),(20355,61,0,'',0,0,0),(20355,62,0,'',0,0,0),(20355,63,0,'',0,0,0),(20355,64,0,'',0,0,0),(20355,65,4,'',1699183631,67,12),(20355,66,4,'',1699183631,67,12),(20355,67,4,'',1699183631,67,12),(20355,68,0,'',0,0,0),(20355,69,0,'',0,0,0),(20355,70,0,'',0,0,0),(20355,71,0,'',0,0,0),(20355,72,0,'',0,0,0),(20355,73,0,'',0,0,0),(20355,74,0,'',0,0,0),(20355,75,0,'',0,0,0),(20355,76,0,'',0,0,0),(20355,77,0,'',0,0,0),(20355,78,0,'',0,0,0),(20355,79,0,'',0,0,0),(20355,80,0,'',0,0,0),(20355,81,0,'',0,0,0),(20355,82,0,'',0,0,0),(20355,83,0,'',0,0,0),(20355,84,0,'',0,0,0),(20355,85,0,'',0,0,0),(20355,102,0,'',0,0,0),(20355,103,0,'',0,0,0),(20355,104,0,'',0,0,0),(20355,105,0,'',0,0,0),(20355,106,0,'',0,0,0),(20355,107,0,'',0,0,0),(20355,108,0,'',0,0,0),(20355,119,0,'',0,0,0),(20355,120,0,'',0,0,0),(20355,121,0,'',0,0,0),(20355,122,0,'',0,0,0),(20355,123,0,'',0,0,0),(20355,124,0,'',0,0,0),(20355,125,0,'',0,0,0),(20355,126,0,'',0,0,0),(20355,127,0,'',0,0,0),(20355,128,0,'',0,0,0),(20355,129,0,'',0,0,0),(20355,136,0,'',0,0,0),(20355,137,0,'',0,0,0),(20355,138,0,'',0,0,0),(20355,139,0,'',0,0,0),(20355,140,0,'',0,0,0),(20355,141,0,'',0,0,0),(20355,142,0,'',0,0,0),(20355,143,0,'',0,0,0),(20355,144,0,'',0,0,0),(20355,145,0,'',0,0,0),(20355,146,0,'',0,0,0),(20355,147,0,'',0,0,0),(20355,148,0,'',0,0,0),(20355,149,0,'',0,0,0),(20355,150,0,'',0,0,0),(20355,151,0,'',0,0,0),(20355,152,0,'',0,0,0),(20355,153,0,'',0,0,0),(20355,154,0,'',0,0,0),(20355,155,0,'',0,0,0),(20355,156,0,'',0,0,0),(20355,157,0,'',0,0,0),(20355,158,0,'',0,0,0),(20355,159,0,'',0,0,0),(20355,160,0,'',0,0,0),(20355,161,0,'',0,0,0),(20355,162,0,'',0,0,0),(20355,163,0,'',0,0,0),(20355,164,0,'',0,0,0),(20355,165,0,'',0,0,0),(20355,166,0,'',0,0,0),(20355,167,0,'',0,0,0),(20355,168,0,'',0,0,0),(20355,169,0,'',0,0,0),(20355,170,0,'',0,0,0),(20355,171,0,'',0,0,0),(20355,172,0,'',0,0,0),(20355,173,0,'',0,0,0),(20355,174,0,'',0,0,0),(20355,175,0,'',0,0,0),(20355,176,0,'',0,0,0),(20355,177,0,'',0,0,0),(20355,178,0,'',0,0,0),(20355,179,0,'',0,0,0),(20355,180,0,'',0,0,0),(20355,181,0,'',0,0,0),(20355,182,0,'',0,0,0),(20355,183,0,'',0,0,0),(20355,184,0,'',0,0,0),(20355,185,0,'',0,0,0),(20355,186,0,'',0,0,0),(20355,187,0,'',0,0,0),(20355,188,0,'',0,0,0),(20355,189,0,'',0,0,0),(20355,190,0,'',0,0,0),(20355,191,0,'',0,0,0),(20355,192,0,'',0,0,0),(20355,193,0,'',0,0,0),(20355,194,0,'',0,0,0),(20355,195,0,'',0,0,0),(20355,196,0,'',0,0,0),(20355,197,0,'',0,0,0),(20355,198,0,'',0,0,0),(20355,199,0,'',0,0,0),(20355,200,0,'',0,0,0),(20355,201,0,'',0,0,0),(20355,202,0,'',0,0,0),(20355,203,0,'',0,0,0),(20355,204,0,'',0,0,0),(20355,205,0,'',0,0,0),(20355,206,0,'',0,0,0),(20355,207,0,'',0,0,0),(20355,208,0,'',0,0,0),(20355,209,0,'',0,0,0),(20355,210,0,'',0,0,0),(20355,211,0,'',0,0,0),(20355,212,0,'',0,0,0),(20355,213,0,'',0,0,0),(20355,214,0,'',0,0,0),(20355,215,0,'',0,0,0),(20355,216,0,'',0,0,0),(20355,217,0,'',0,0,0),(20355,218,0,'',0,0,0),(20355,219,0,'',0,0,0),(20355,220,0,'',0,0,0),(20355,221,0,'',0,0,0),(20355,222,0,'',0,0,0),(20355,223,0,'',0,0,0),(20355,224,0,'',0,0,0),(20355,225,0,'',0,0,0),(20355,226,0,'',0,0,0),(20355,227,0,'',0,0,0),(20355,228,0,'',0,0,0),(20355,229,0,'',0,0,0),(20355,230,0,'',0,0,0),(20355,231,0,'',0,0,0),(20355,232,0,'',0,0,0),(20355,233,0,'',0,0,0),(20355,234,0,'',0,0,0),(20355,235,0,'',0,0,0),(20355,236,0,'',0,0,0),(20355,237,0,'',0,0,0),(20355,238,0,'',0,0,0),(20355,239,0,'',0,0,0),(20355,240,0,'',0,0,0),(20355,241,0,'',0,0,0),(20355,242,0,'',0,0,0),(20355,243,0,'',0,0,0),(20355,244,0,'',0,0,0),(20355,245,0,'',0,0,0),(20355,246,0,'',0,0,0),(20355,247,0,'',0,0,0),(20355,248,1,'',1699540568,67,0),(20355,249,0,'',0,0,0),(20355,250,0,'',0,0,0),(20355,251,0,'',0,0,0),(20355,252,4,'',1698747670,67,12),(20355,253,4,'',1698747670,67,12),(20355,271,0,'',0,0,0),(20355,272,0,'',0,0,0),(20355,273,0,'',0,0,0),(20355,274,0,'',0,0,0),(20355,275,0,'',0,0,0),(20355,276,0,'',0,0,0),(20355,277,0,'',0,0,0),(20355,278,0,'',0,0,0),(20355,279,0,'',0,0,0),(20355,280,0,'',0,0,0),(20355,281,0,'',0,0,0),(20355,282,0,'',0,0,0),(20355,283,0,'',0,0,0),(20355,284,0,'',0,0,0),(20355,285,0,'',0,0,0),(20355,286,4,'',1699269611,67,12),(20355,287,4,'',1699269611,67,12),(20355,288,0,'',0,0,0),(20355,289,0,'',0,0,0),(20355,290,0,'',0,0,0),(20355,291,0,'',0,0,0),(20355,292,0,'',0,0,0),(20355,293,0,'',0,0,0),(20355,294,0,'',0,0,0),(20355,295,0,'',0,0,0),(20355,296,0,'',0,0,0),(20355,297,0,'',0,0,0),(20355,298,0,'',0,0,0),(20355,299,0,'',0,0,0),(20355,300,0,'',0,67,0),(20355,301,0,'',0,0,0),(20355,302,0,'',0,0,0),(20355,303,0,'',0,0,0),(20355,304,4,'',1698839411,67,12),(20355,305,0,'',0,0,0),(20355,306,0,'',0,0,0),(20355,307,0,'',0,0,0),(20355,308,0,'',0,0,0),(20355,309,0,'',0,0,0),(20355,310,0,'',0,0,0),(20355,311,0,'',0,0,0),(20355,312,0,'',0,0,0),(20355,313,0,'',0,0,0),(20355,314,0,'',0,0,0),(20355,315,0,'',0,0,0),(20355,316,0,'',0,0,0),(20355,317,0,'',0,0,0),(20355,318,0,'',0,0,0),(20355,319,0,'',0,0,0),(20355,320,4,'',1699358231,67,12),(20355,321,4,'',1699358231,67,12),(20355,322,0,'',0,0,0),(20355,323,0,'',0,0,0),(20355,324,0,'',0,0,0),(20355,325,0,'',0,0,0),(20355,326,0,'',0,0,0),(20355,327,0,'',0,0,0),(20355,328,0,'',0,0,0),(20355,329,0,'',0,0,0),(20355,330,0,'',0,0,0),(20355,331,0,'',0,0,0),(20355,332,0,'',0,0,0),(20355,333,0,'',0,0,0),(20355,334,0,'',0,0,0),(20355,335,0,'',0,0,0),(20355,336,0,'',0,0,0),(20355,337,4,'',1699014623,61,12),(20355,338,4,'',1699014623,61,12),(20355,339,0,'',0,0,0),(20355,340,0,'',0,0,0),(20355,341,0,'',0,0,0),(20355,342,0,'',0,0,0),(20355,343,0,'',0,0,0),(20355,344,0,'',0,0,0),(20355,345,0,'',0,0,0),(20355,346,0,'',0,0,0),(20355,347,0,'',0,0,0),(20355,348,0,'',0,0,0),(20355,349,0,'',0,0,0),(20355,350,0,'',0,0,0),(20355,351,0,'',0,0,0),(20355,352,0,'',0,0,0),(20355,353,0,'',0,0,0),(20355,354,0,'',0,0,0),(20355,355,4,'',1699095883,43,12),(20355,356,0,'',0,0,0),(20355,357,0,'',0,0,0),(20355,358,0,'',0,0,0),(20355,359,0,'',0,0,0),(20355,360,0,'',0,0,0),(20355,361,0,'',0,0,0),(20355,362,0,'',0,0,0),(20355,363,0,'',0,0,0),(20355,364,0,'',0,0,0),(20355,365,0,'',0,0,0),(20355,366,0,'',0,0,0),(20355,367,0,'',0,0,0),(20355,368,0,'',0,0,0),(20355,369,0,'',0,0,0),(20355,370,0,'',0,0,0),(20355,371,0,'',0,0,0),(20355,372,4,'',1699024349,84,10),(20357,1,0,'',0,0,0),(20357,2,0,'',0,0,0),(20357,3,0,'',0,0,0),(20357,4,0,'',0,0,0),(20357,5,0,'',0,0,0),(20357,6,0,'',0,0,0),(20357,7,0,'',0,0,0),(20357,8,0,'',0,0,0),(20357,9,0,'',0,0,0),(20357,10,0,'',0,0,0),(20357,11,0,'',0,0,0),(20357,12,0,'',0,0,0),(20357,13,0,'',0,0,0),(20357,14,0,'',0,0,0),(20357,15,0,'',0,0,0),(20357,16,0,'',0,0,0),(20357,17,0,'',0,0,0),(20357,18,0,'',0,0,0),(20357,19,0,'',0,0,0),(20357,20,0,'',0,0,0),(20357,21,0,'',0,0,0),(20357,22,0,'',0,0,0),(20357,23,0,'',0,0,0),(20357,24,0,'',0,0,0),(20357,25,0,'',0,0,0),(20357,26,0,'',0,0,0),(20357,27,0,'',0,0,0),(20357,28,0,'',0,0,0),(20357,29,0,'',0,0,0),(20357,30,0,'',0,0,0),(20357,31,0,'',0,0,0),(20357,32,0,'',0,0,0),(20357,33,0,'',0,0,0),(20357,34,0,'',0,0,0),(20357,35,0,'',0,0,0),(20357,36,0,'',0,0,0),(20357,37,0,'',0,0,0),(20357,38,0,'',0,0,0),(20357,39,0,'',0,0,0),(20357,40,0,'',0,0,0),(20357,41,0,'',0,0,0),(20357,42,0,'',0,0,0),(20357,43,0,'',0,0,0),(20357,44,0,'',0,0,0),(20357,45,0,'',0,0,0),(20357,46,0,'',0,0,0),(20357,47,0,'',0,0,0),(20357,48,0,'',0,0,0),(20357,49,0,'',0,0,0),(20357,50,0,'',0,0,0),(20357,51,0,'',0,0,0),(20357,52,0,'',0,0,0),(20357,53,0,'',0,0,0),(20357,54,0,'',0,0,0),(20357,55,0,'',0,0,0),(20357,56,0,'',0,0,0),(20357,57,0,'',0,0,0),(20357,58,0,'',0,0,0),(20357,59,0,'',0,0,0),(20357,60,0,'',0,0,0),(20357,61,0,'',0,0,0),(20357,62,0,'',0,0,0),(20357,63,0,'',0,0,0),(20357,64,0,'',0,0,0),(20357,65,0,'',0,0,0),(20357,66,4,'',1699098911,67,15),(20357,67,4,'',1699098911,67,15),(20357,68,0,'',0,0,0),(20357,69,0,'',0,0,0),(20357,70,0,'',0,0,0),(20357,71,0,'',0,0,0),(20357,72,0,'',0,0,0),(20357,73,0,'',0,0,0),(20357,74,0,'',0,0,0),(20357,75,0,'',0,0,0),(20357,76,0,'',0,0,0),(20357,77,0,'',0,0,0),(20357,78,0,'',0,0,0),(20357,85,0,'',0,0,0),(20357,102,0,'',0,0,0),(20357,103,0,'',0,0,0),(20357,104,0,'',0,0,0),(20357,105,0,'',0,0,0),(20357,106,0,'',0,0,0),(20357,107,0,'',0,0,0),(20357,108,0,'',0,0,0),(20357,109,0,'',0,0,0),(20357,110,0,'',0,0,0),(20357,111,0,'',0,0,0),(20357,112,0,'',0,0,0),(20357,119,0,'',0,0,0),(20357,120,0,'',0,0,0),(20357,121,0,'',0,0,0),(20357,122,0,'',0,0,0),(20357,123,4,'',1699357262,67,15),(20357,124,4,'',1699357262,67,15),(20357,125,4,'',1699357262,67,15),(20357,126,4,'',1699357262,67,15),(20357,127,4,'',1699357262,67,15),(20357,128,0,'',0,0,0),(20357,129,0,'',0,0,0),(20357,136,0,'',0,0,0),(20357,137,0,'',0,0,0),(20357,138,0,'',0,0,0),(20357,139,0,'',0,0,0),(20357,140,0,'',0,0,0),(20357,141,0,'',0,0,0),(20357,142,0,'',0,0,0),(20357,143,0,'',0,0,0),(20357,144,0,'',0,0,0),(20357,145,0,'',0,0,0),(20357,146,0,'',0,0,0),(20357,147,0,'',0,0,0),(20357,148,0,'',0,0,0),(20357,149,0,'',0,0,0),(20357,150,0,'',0,0,0),(20357,151,0,'',0,0,0),(20357,152,5,'',1698849084,41,10),(20357,153,0,'',0,0,0),(20357,154,0,'',0,0,0),(20357,155,0,'',0,0,0),(20357,156,0,'',0,0,0),(20357,157,0,'',0,0,0),(20357,158,0,'',0,0,0),(20357,159,0,'',0,0,0),(20357,160,0,'',0,0,0),(20357,161,0,'',0,0,0),(20357,162,0,'',0,0,0),(20357,163,0,'',0,0,0),(20357,164,0,'',0,0,0),(20357,165,0,'',0,0,0),(20357,166,0,'',0,0,0),(20357,167,0,'',0,0,0),(20357,168,0,'',0,0,0),(20357,169,0,'',0,0,0),(20357,170,0,'',0,0,0),(20357,171,0,'',0,0,0),(20357,172,0,'',0,0,0),(20357,173,0,'',0,0,0),(20357,174,0,'',0,0,0),(20357,175,0,'',0,0,0),(20357,176,0,'',0,0,0),(20357,177,0,'',0,0,0),(20357,178,0,'',0,0,0),(20357,179,0,'',0,0,0),(20357,180,0,'',0,0,0),(20357,181,0,'',0,0,0),(20357,182,0,'',0,0,0),(20357,183,0,'',0,0,0),(20357,184,0,'',0,0,0),(20357,185,0,'',0,0,0),(20357,186,0,'',0,0,0),(20357,187,0,'',0,0,0),(20357,188,0,'',0,0,0),(20357,189,0,'',0,0,0),(20357,190,0,'',0,0,0),(20357,191,0,'',0,0,0),(20357,192,0,'',0,0,0),(20357,193,0,'',0,0,0),(20357,194,0,'',0,0,0),(20357,195,0,'',0,0,0),(20357,196,0,'',0,0,0),(20357,197,0,'',0,0,0),(20357,198,0,'',0,0,0),(20357,199,0,'',0,0,0),(20357,200,0,'',0,0,0),(20357,201,0,'',0,0,0),(20357,202,0,'',0,0,0),(20357,203,0,'',0,0,0),(20357,204,0,'',0,0,0),(20357,205,0,'',0,0,0),(20357,206,0,'',0,0,0),(20357,207,0,'',0,0,0),(20357,208,0,'',0,0,0),(20357,209,0,'',0,0,0),(20357,210,0,'',0,0,0),(20357,211,0,'',0,0,0),(20357,212,0,'',0,0,0),(20357,213,0,'',0,0,0),(20357,214,0,'',0,0,0),(20357,215,0,'',0,0,0),(20357,216,0,'',0,0,0),(20357,217,0,'',0,0,0),(20357,218,0,'',0,0,0),(20357,219,0,'',0,0,0),(20357,220,0,'',0,0,0),(20357,221,0,'',0,0,0),(20357,222,0,'',0,0,0),(20357,223,0,'',0,0,0),(20357,224,0,'',0,0,0),(20357,225,0,'',0,0,0),(20357,226,0,'',0,0,0),(20357,227,0,'',0,0,0),(20357,228,0,'',0,0,0),(20357,229,0,'',0,0,0),(20357,230,0,'',0,0,0),(20357,231,0,'',0,0,0),(20357,232,0,'',0,0,0),(20357,233,0,'',0,0,0),(20357,234,0,'',0,0,0),(20357,235,0,'',0,0,0),(20357,236,0,'',0,0,0),(20357,237,0,'',0,0,0),(20357,238,0,'',0,0,0),(20357,239,0,'',0,0,0),(20357,240,0,'',0,0,0),(20357,241,0,'',0,0,0),(20357,242,0,'',0,0,0),(20357,243,0,'',0,0,0),(20357,244,0,'',0,0,0),(20357,245,0,'',0,0,0),(20357,246,0,'',0,0,0),(20357,247,0,'',0,0,0),(20357,248,0,'',0,0,0),(20357,249,0,'',0,0,0),(20357,250,0,'',0,0,0),(20357,251,0,'',0,67,0),(20357,252,0,'',0,67,0),(20357,253,4,'',1698317590,67,15),(20357,271,4,'',1699183991,67,15),(20357,272,4,'',1699183991,67,15),(20357,273,4,'',1699183991,67,15),(20357,274,4,'',1699183991,67,15),(20357,275,4,'',1699183991,67,15),(20357,276,4,'',1699183991,67,15),(20357,277,0,'',0,0,0),(20357,278,0,'',0,0,0),(20357,279,0,'',0,0,0),(20357,280,0,'',0,0,0),(20357,281,0,'',0,0,0),(20357,282,4,'',1699006296,84,10),(20357,283,4,'',1699006296,84,10),(20357,284,4,'',1699006296,84,10),(20357,285,5,'',1698913853,84,15),(20357,286,5,'',1698913853,84,15),(20357,287,4,'',1698759490,61,10),(20357,288,0,'',0,0,0),(20357,289,0,'',0,0,0),(20357,290,0,'',0,0,0),(20357,291,0,'',0,0,0),(20357,292,0,'',0,0,0),(20357,293,0,'',0,0,0),(20357,294,0,'',0,0,0),(20357,295,0,'',0,0,0),(20357,296,0,'',0,0,0),(20357,297,0,'',0,0,0),(20357,298,0,'',0,0,0),(20357,299,0,'',0,0,0),(20357,300,0,'',0,0,0),(20357,301,0,'',0,0,0),(20357,302,0,'',0,0,0),(20357,303,4,'',1698772689,61,10),(20357,304,4,'',1698772689,61,10),(20357,305,0,'',0,0,0),(20357,306,0,'',0,0,0),(20357,307,0,'',0,0,0),(20357,308,0,'',0,0,0),(20357,309,0,'',0,0,0),(20357,310,0,'',0,0,0),(20357,311,0,'',0,0,0),(20357,312,0,'',0,0,0),(20357,313,0,'',0,0,0),(20357,314,0,'',0,0,0),(20357,315,0,'',0,0,0),(20357,316,0,'',0,0,0),(20357,317,0,'',0,0,0),(20357,318,0,'',0,0,0),(20357,319,0,'',0,0,0),(20357,320,0,'',0,0,0),(20357,321,0,'',0,0,0),(20357,322,0,'',0,0,0),(20357,323,0,'',0,0,0),(20357,324,0,'',0,0,0),(20357,325,0,'',0,0,0),(20357,326,0,'',0,0,0),(20357,327,0,'',0,0,0),(20357,328,0,'',0,0,0),(20357,329,0,'',0,0,0),(20357,330,0,'',0,0,0),(20357,331,0,'',0,0,0),(20357,332,0,'',0,0,0),(20357,333,0,'',0,0,0),(20357,334,0,'',0,0,0),(20357,335,0,'',0,0,0),(20357,336,0,'',0,0,0),(20357,337,0,'',0,0,0),(20357,338,4,'',1699095851,67,15),(20357,339,0,'',0,0,0),(20357,340,0,'',0,0,0),(20357,341,0,'',0,0,0),(20357,342,0,'',0,0,0),(20357,343,0,'',0,0,0),(20357,344,0,'',0,0,0),(20357,345,0,'',0,0,0),(20357,346,0,'',0,0,0),(20357,347,0,'',0,0,0),(20357,348,0,'',0,0,0),(20357,349,0,'',0,0,0),(20357,350,0,'',0,0,0),(20357,351,0,'',0,0,0),(20357,352,0,'',0,0,0),(20357,353,0,'',0,0,0),(20357,354,0,'',0,0,0),(20357,355,0,'',0,0,0),(20357,356,0,'',0,0,0),(20357,357,0,'',0,0,0),(20357,358,0,'',0,0,0),(20357,359,0,'',0,0,0),(20357,360,0,'',0,0,0),(20357,361,0,'',0,0,0),(20357,362,0,'',0,0,0),(20357,363,0,'',0,0,0),(20357,364,0,'',0,0,0),(20357,365,0,'',0,0,0),(20357,366,0,'',0,0,0),(20357,367,0,'',0,0,0),(20357,368,0,'',0,0,0),(20357,369,0,'',0,0,0),(20357,370,0,'',0,0,0),(20357,371,0,'',0,0,0),(20357,372,0,'',0,43,0),(20359,1,0,'',0,0,0),(20359,2,0,'',0,0,0),(20359,3,0,'',0,0,0),(20359,4,0,'',0,0,0),(20359,5,0,'',0,0,0),(20359,6,0,'',0,0,0),(20359,7,0,'',0,0,0),(20359,8,0,'',0,0,0),(20359,9,0,'',0,0,0),(20359,10,0,'',0,0,0),(20359,11,0,'',0,0,0),(20359,12,0,'',0,0,0),(20359,13,0,'',0,0,0),(20359,14,0,'',0,0,0),(20359,15,0,'',0,0,0),(20359,16,0,'',0,0,0),(20359,17,0,'',0,0,0),(20359,18,0,'',0,0,0),(20359,19,0,'',0,0,0),(20359,20,0,'',0,0,0),(20359,21,0,'',0,0,0),(20359,22,0,'',0,0,0),(20359,23,0,'',0,0,0),(20359,24,0,'',0,0,0),(20359,25,0,'',0,0,0),(20359,26,0,'',0,0,0),(20359,27,0,'',0,0,0),(20359,28,0,'',0,0,0),(20359,29,0,'',0,0,0),(20359,30,0,'',0,0,0),(20359,31,0,'',0,0,0),(20359,32,4,'',1698663130,67,12),(20359,33,4,'',1698663130,67,12),(20359,34,0,'',0,0,0),(20359,35,0,'',0,0,0),(20359,36,0,'',0,0,0),(20359,37,0,'',0,0,0),(20359,38,0,'',0,0,0),(20359,39,0,'',0,0,0),(20359,40,0,'',0,0,0),(20359,41,0,'',0,0,0),(20359,42,0,'',0,0,0),(20359,43,0,'',0,0,0),(20359,44,0,'',0,0,0),(20359,45,0,'',0,0,0),(20359,46,0,'',0,0,0),(20359,47,0,'',0,0,0),(20359,48,0,'',0,0,0),(20359,49,0,'',0,0,0),(20359,50,4,'',1699010891,67,12),(20359,51,0,'',0,0,0),(20359,52,0,'',0,0,0),(20359,53,0,'',0,0,0),(20359,54,0,'',0,0,0),(20359,55,0,'',0,0,0),(20359,56,0,'',0,0,0),(20359,57,0,'',0,0,0),(20359,58,0,'',0,0,0),(20359,59,0,'',0,0,0),(20359,60,0,'',0,0,0),(20359,61,0,'',0,0,0),(20359,62,0,'',0,0,0),(20359,63,0,'',0,0,0),(20359,64,0,'',0,0,0),(20359,65,4,'',1699182611,67,12),(20359,66,4,'',1699182611,67,12),(20359,67,0,'',0,67,0),(20359,68,0,'',0,0,0),(20359,69,0,'',0,0,0),(20359,70,0,'',0,0,0),(20359,71,0,'',0,0,0),(20359,72,0,'',0,0,0),(20359,73,0,'',0,0,0),(20359,74,0,'',0,0,0),(20359,75,0,'',0,0,0),(20359,76,0,'',0,0,0),(20359,77,0,'',0,0,0),(20359,78,0,'',0,0,0),(20359,79,0,'',0,0,0),(20359,80,0,'',0,0,0),(20359,81,5,'',1699188659,85,12),(20359,82,5,'',1699188659,85,12),(20359,83,4,'',1698487630,67,12),(20359,84,4,'',1698487630,67,12),(20359,85,0,'',0,0,0),(20359,86,0,'',0,0,0),(20359,87,0,'',0,0,0),(20359,88,0,'',0,0,0),(20359,89,0,'',0,0,0),(20359,90,0,'',0,0,0),(20359,91,0,'',0,0,0),(20359,92,0,'',0,0,0),(20359,93,0,'',0,0,0),(20359,94,0,'',0,0,0),(20359,95,0,'',0,0,0),(20359,102,0,'',0,0,0),(20359,103,0,'',0,0,0),(20359,104,0,'',0,0,0),(20359,105,0,'',0,0,0),(20359,106,0,'',0,0,0),(20359,107,0,'',0,0,0),(20359,108,0,'',0,0,0),(20359,109,0,'',0,0,0),(20359,110,0,'',0,0,0),(20359,111,0,'',0,0,0),(20359,112,0,'',0,0,0),(20359,119,0,'',0,0,0),(20359,120,0,'',0,0,0),(20359,121,0,'',0,0,0),(20359,122,0,'',0,0,0),(20359,123,0,'',0,0,0),(20359,124,0,'',0,0,0),(20359,125,0,'',0,0,0),(20359,126,0,'',0,0,0),(20359,127,0,'',0,0,0),(20359,128,0,'',0,0,0),(20359,129,0,'',0,0,0),(20359,130,0,'',0,0,0),(20359,131,0,'',0,0,0),(20359,132,0,'',0,0,0),(20359,133,5,'',1698498272,43,12),(20359,134,5,'',1698498272,43,12),(20359,135,5,'',1698498272,43,12),(20359,136,0,'',0,0,0),(20359,137,0,'',0,0,0),(20359,138,0,'',0,0,0),(20359,139,0,'',0,0,0),(20359,140,0,'',0,0,0),(20359,141,0,'',0,0,0),(20359,142,0,'',0,0,0),(20359,143,0,'',0,0,0),(20359,144,0,'',0,0,0),(20359,145,0,'',0,0,0),(20359,146,0,'',0,0,0),(20359,147,0,'',0,0,0),(20359,148,0,'',0,0,0),(20359,149,0,'',0,0,0),(20359,150,5,'',1699345167,41,10),(20359,151,5,'',1699345159,41,12),(20359,152,4,'',1698576490,67,12),(20359,153,0,'',0,0,0),(20359,154,0,'',0,0,0),(20359,155,0,'',0,0,0),(20359,156,0,'',0,0,0),(20359,157,0,'',0,0,0),(20359,158,0,'',0,0,0),(20359,159,0,'',0,0,0),(20359,160,0,'',0,0,0),(20359,161,0,'',0,0,0),(20359,162,0,'',0,0,0),(20359,163,0,'',0,0,0),(20359,164,0,'',0,0,0),(20359,165,0,'',0,0,0),(20359,166,0,'',0,0,0),(20359,167,0,'',0,0,0),(20359,168,4,'',1699010891,67,12),(20359,169,4,'',1699010891,67,12),(20359,170,0,'',0,0,0),(20359,171,0,'',0,0,0),(20359,172,0,'',0,0,0),(20359,173,0,'',0,0,0),(20359,174,0,'',0,0,0),(20359,175,0,'',0,0,0),(20359,176,0,'',0,0,0),(20359,177,0,'',0,0,0),(20359,178,0,'',0,0,0),(20359,179,0,'',0,0,0),(20359,180,0,'',0,0,0),(20359,181,0,'',0,0,0),(20359,182,0,'',0,0,0),(20359,183,0,'',0,0,0),(20359,184,0,'',0,0,0),(20359,185,0,'',0,0,0),(20359,186,0,'',0,0,0),(20359,187,0,'',0,0,0),(20359,188,0,'',0,0,0),(20359,189,0,'',0,0,0),(20359,190,0,'',0,0,0),(20359,191,0,'',0,0,0),(20359,192,0,'',0,0,0),(20359,193,0,'',0,0,0),(20359,194,0,'',0,0,0),(20359,195,0,'',0,0,0),(20359,196,0,'',0,0,0),(20359,197,0,'',0,0,0),(20359,198,0,'',0,0,0),(20359,199,0,'',0,0,0),(20359,200,0,'',0,0,0),(20359,201,0,'',0,0,0),(20359,202,0,'',0,0,0),(20359,203,0,'',0,0,0),(20359,204,0,'',0,0,0),(20359,205,0,'',0,0,0),(20359,206,0,'',0,0,0),(20359,207,0,'',0,0,0),(20359,208,0,'',0,0,0),(20359,209,0,'',0,0,0),(20359,210,0,'',0,0,0),(20359,211,0,'',0,0,0),(20359,212,0,'',0,0,0),(20359,213,0,'',0,0,0),(20359,214,0,'',0,0,0),(20359,215,0,'',0,0,0),(20359,216,0,'',0,0,0),(20359,217,0,'',0,0,0),(20359,218,0,'',0,41,0),(20359,219,4,'',1699289503,41,12),(20359,220,0,'',0,0,0),(20359,221,0,'',0,0,0),(20359,222,0,'',0,0,0),(20359,223,0,'',0,0,0),(20359,224,0,'',0,0,0),(20359,225,0,'',0,0,0),(20359,226,0,'',0,0,0),(20359,227,0,'',0,0,0),(20359,228,0,'',0,0,0),(20359,229,0,'',0,0,0),(20359,230,0,'',0,0,0),(20359,231,0,'',0,0,0),(20359,232,0,'',0,0,0),(20359,233,0,'',0,0,0),(20359,234,0,'',0,0,0),(20359,235,0,'',0,0,0),(20359,236,4,'',1698487930,67,12),(20359,237,0,'',0,0,0),(20359,238,0,'',0,0,0),(20359,239,0,'',0,0,0),(20359,240,0,'',0,0,0),(20359,241,0,'',0,0,0),(20359,242,0,'',0,0,0),(20359,243,0,'',0,0,0),(20359,244,0,'',0,0,0),(20359,245,0,'',0,0,0),(20359,246,0,'',0,0,0),(20359,247,0,'',0,0,0),(20359,248,0,'',0,0,0),(20359,249,0,'',0,0,0),(20359,250,4,'',1699270871,67,12),(20359,251,4,'',1699270871,67,12),(20359,252,4,'',1698747670,67,12),(20359,253,4,'',1698747670,67,12),(20359,271,4,'',1698749650,67,12),(20359,272,0,'',0,0,0),(20359,273,0,'',0,0,0),(20359,274,0,'',0,0,0),(20359,275,0,'',0,0,0),(20359,276,0,'',0,0,0),(20359,277,0,'',0,0,0),(20359,278,0,'',0,0,0),(20359,279,0,'',0,0,0),(20359,280,0,'',0,0,0),(20359,281,0,'',0,0,0),(20359,282,0,'',0,0,0),(20359,283,1,'',1699541628,67,0),(20359,284,1,'',1699541628,67,0),(20359,285,4,'',1698838511,67,12),(20359,286,4,'',1698838511,67,12),(20359,287,4,'',1698838511,67,12),(20359,288,0,'',0,0,0),(20359,289,0,'',0,0,0),(20359,290,0,'',0,0,0),(20359,291,0,'',0,0,0),(20359,292,0,'',0,0,0),(20359,293,0,'',0,0,0),(20359,294,0,'',0,0,0),(20359,295,0,'',0,0,0),(20359,296,0,'',0,0,0),(20359,297,0,'',0,0,0),(20359,298,4,'',1699271771,67,12),(20359,299,4,'',1699271771,67,12),(20359,300,4,'',1699271771,67,12),(20359,301,4,'',1699271771,67,12),(20359,302,4,'',1699271771,67,12),(20359,303,4,'',1698401170,67,12),(20359,304,4,'',1698401170,67,12),(20359,305,0,'',0,0,0),(20359,306,0,'',0,0,0),(20359,307,0,'',0,0,0),(20359,308,0,'',0,0,0),(20359,309,0,'',0,0,0),(20359,310,0,'',0,0,0),(20359,311,0,'',0,0,0),(20359,312,0,'',0,0,0),(20359,313,0,'',0,0,0),(20359,314,0,'',0,0,0),(20359,315,0,'',0,0,0),(20359,316,4,'',1699271771,67,12),(20359,317,4,'',1699271771,67,12),(20359,318,4,'',1699271771,67,12),(20359,319,4,'',1699271771,67,12),(20359,320,4,'',1699195720,85,12),(20359,321,4,'',1698925331,67,12),(20359,322,0,'',0,0,0),(20359,323,0,'',0,0,0),(20359,324,0,'',0,0,0),(20359,325,0,'',0,0,0),(20359,326,0,'',0,0,0),(20359,327,0,'',0,0,0),(20359,328,0,'',0,0,0),(20359,329,0,'',0,0,0),(20359,330,0,'',0,0,0),(20359,331,0,'',0,0,0),(20359,332,0,'',0,0,0),(20359,333,0,'',0,0,0),(20359,334,0,'',0,0,0),(20359,335,0,'',0,67,0),(20359,336,0,'',0,67,0),(20359,337,5,'',1699356623,69,10),(20359,338,4,'',1699009391,67,12),(20359,339,0,'',0,0,0),(20359,340,0,'',0,0,0),(20359,341,0,'',0,0,0),(20359,342,0,'',0,0,0),(20359,343,0,'',0,0,0),(20359,344,0,'',0,0,0),(20359,345,0,'',0,0,0),(20359,346,0,'',0,0,0),(20359,347,0,'',0,0,0),(20359,348,0,'',0,0,0),(20359,349,0,'',0,0,0),(20359,350,0,'',0,0,0),(20359,351,0,'',0,0,0),(20359,352,0,'',0,0,0),(20359,353,0,'',0,0,0),(20359,354,0,'',0,0,0),(20359,355,4,'',1699095964,43,12),(20359,356,0,'',0,0,0),(20359,357,0,'',0,0,0),(20359,358,0,'',0,0,0),(20359,359,0,'',0,0,0),(20359,360,0,'',0,0,0),(20359,361,0,'',0,0,0),(20359,362,0,'',0,0,0),(20359,363,0,'',0,0,0),(20359,364,0,'',0,0,0),(20359,365,0,'',0,0,0),(20359,366,0,'',0,0,0),(20359,367,0,'',0,0,0),(20359,368,0,'',0,0,0),(20359,369,0,'',0,0,0),(20359,370,0,'',0,0,0),(20359,371,0,'',0,0,0),(20359,372,0,'',0,0,0),(20363,106,0,'',0,0,0),(20363,107,0,'',0,0,0),(20363,108,0,'',0,0,0),(20363,109,0,'',0,0,0),(20363,110,0,'',0,0,0),(20363,111,0,'',0,0,0),(20363,112,0,'',0,0,0),(20363,113,0,'',0,0,0),(20363,114,0,'',0,0,0),(20363,115,0,'',0,0,0),(20363,116,0,'',0,0,0),(20363,117,0,'',0,0,0),(20363,118,0,'',0,0,0),(20363,119,0,'',0,0,0),(20363,120,0,'',0,0,0),(20420,106,0,'',0,0,0),(20420,107,0,'',0,0,0),(20420,108,0,'',0,0,0),(20420,109,0,'',0,0,0),(20420,110,0,'',0,0,0),(20420,111,0,'',0,0,0),(20420,112,0,'',0,0,0),(20420,115,0,'',0,0,0),(20420,116,0,'',0,0,0),(20420,117,0,'',0,0,0),(20420,118,0,'',0,0,0),(20420,119,0,'',0,0,0),(20420,120,0,'',0,0,0),(20421,146,0,'',0,0,0),(20421,147,0,'',0,0,0),(20421,148,0,'',0,0,0),(20421,149,0,'',0,0,0),(20421,150,0,'',0,0,0),(20421,151,0,'',0,0,0),(20421,152,0,'',0,0,0),(20421,153,0,'',0,0,0),(20421,154,0,'',0,0,0),(20421,155,0,'',0,0,0),(20421,156,0,'',0,0,0),(20421,157,0,'',0,0,0),(20421,158,0,'',0,0,0),(20423,33,4,'',1700831754,51,25),(20423,34,4,'',1700831754,51,25),(20423,35,4,'',1700846910,51,25),(20423,36,4,'',1700832513,51,25),(20423,37,4,'',1700832513,51,25),(20423,38,4,'',1700832513,51,25),(20423,39,4,'',1700833571,51,25),(20423,40,4,'',1700795662,51,25),(20423,41,4,'',1700795662,51,25),(20423,42,4,'',1700833571,51,25),(20423,43,4,'',1700833343,51,25),(20423,44,4,'',1700833343,51,25),(20423,45,4,'',1700833343,51,25),(20423,46,4,'',1700832660,51,25),(20423,47,4,'',1700832660,51,25),(20423,48,4,'',1700832660,51,25),(20423,49,4,'',1700832271,51,25),(20423,50,4,'',1700832271,51,25),(20423,51,4,'',1700795540,51,25),(20423,52,4,'',1700829484,51,25),(20423,53,4,'',1700829975,51,25),(20423,54,4,'',1700830467,51,25),(20423,55,4,'',1700830467,51,25),(20423,56,4,'',1700830646,51,25),(20423,57,4,'',1700830646,51,25),(20423,58,4,'',1700830809,51,25),(20423,59,4,'',1700830809,51,25),(20423,60,4,'',1700831648,51,25),(20423,61,4,'',1700833571,51,25),(20423,62,4,'',1700832423,51,25),(20423,63,4,'',1700832423,51,25),(20423,64,4,'',1700832352,51,25),(20423,65,4,'',1700832352,51,25),(20423,66,4,'',1700832209,51,25),(20423,67,4,'',1700832209,51,25),(20423,68,4,'',1700831874,51,25),(20423,69,4,'',1700831874,51,25),(20446,89,4,'',1699269791,67,20),(20446,90,4,'',1699269791,67,20),(20446,91,0,'',0,0,0),(20446,92,0,'',0,0,0),(20446,93,0,'',0,0,0),(20446,94,0,'',0,0,0),(20446,95,0,'',0,0,0),(20446,96,0,'',0,0,0),(20446,97,0,'',0,0,0),(20446,98,0,'',0,0,0),(20446,99,0,'',0,0,0),(20446,100,0,'',0,0,0),(20446,101,0,'',0,0,0),(20446,102,0,'',0,0,0),(20446,103,0,'',0,0,0),(20446,104,0,'',0,0,0),(20446,105,0,'',0,0,0),(20446,106,0,'',0,0,0),(20446,107,0,'',0,0,0),(20446,108,0,'',0,0,0),(20446,109,0,'',0,0,0),(20446,110,0,'',0,0,0),(20446,111,0,'',0,0,0),(20446,112,0,'',0,0,0),(20446,113,0,'',0,0,0),(20446,114,0,'',0,0,0),(20446,115,0,'',0,0,0),(20446,116,0,'',0,0,0),(20446,117,0,'',0,0,0),(20446,118,0,'',0,0,0),(20446,119,0,'',0,0,0),(20446,120,0,'',0,0,0),(20448,89,0,'',0,0,0),(20448,90,0,'',0,0,0),(20448,91,0,'',0,0,0),(20448,92,0,'',0,0,0),(20448,93,0,'',0,0,0),(20448,94,0,'',0,0,0),(20448,95,0,'',0,0,0),(20448,96,0,'',0,0,0),(20448,97,0,'',0,0,0),(20448,98,0,'',0,0,0),(20448,99,0,'',0,0,0),(20448,100,0,'',0,0,0),(20448,101,0,'',0,0,0),(20448,102,0,'',0,0,0),(20448,103,0,'',0,0,0),(20448,104,0,'',0,0,0),(20448,105,0,'',0,0,0),(20448,106,0,'',0,0,0),(20448,107,0,'',0,0,0),(20448,108,0,'',0,0,0),(20448,109,0,'',0,0,0),(20448,110,0,'',0,0,0),(20448,111,0,'',0,0,0),(20448,112,0,'',0,0,0),(20448,113,0,'',0,0,0),(20448,114,0,'',0,0,0),(20448,115,0,'',0,0,0),(20448,116,0,'',0,0,0),(20448,117,0,'',0,0,0),(20448,118,0,'',0,0,0),(20448,119,0,'',0,0,0),(20448,120,0,'',0,0,0),(20463,1,0,'',0,0,0),(20463,2,0,'',0,0,0),(20463,3,0,'',0,0,0),(20463,4,0,'',0,0,0),(20463,5,0,'',0,0,0),(20463,6,0,'',0,0,0),(20463,7,0,'',0,0,0),(20463,8,0,'',0,0,0),(20463,9,0,'',0,0,0),(20463,10,4,'',1708701072,51,0),(20463,11,0,'',0,51,0),(20463,12,0,'',0,0,0),(20463,13,0,'',0,0,0),(20463,14,0,'',0,0,0),(20463,15,0,'',0,0,0),(20463,16,0,'',0,0,0),(20463,17,0,'',0,0,0),(20463,18,0,'',0,51,0),(20463,19,0,'',0,51,0),(20463,20,0,'',0,0,0),(20463,21,0,'',0,0,0),(20463,22,0,'',0,0,0),(20463,23,0,'',0,0,0),(20463,24,0,'',0,0,0),(20463,25,0,'',0,51,0),(20463,26,0,'',0,0,0),(20463,27,0,'',0,0,0),(20463,28,0,'',0,0,0),(20463,29,0,'',0,0,0),(20463,30,0,'',0,0,0),(20463,31,0,'',0,0,0),(20463,32,0,'',0,0,0),(20463,33,0,'',0,0,0),(20463,34,0,'',0,0,0),(20463,35,0,'',0,0,0),(20463,36,0,'',0,51,0),(20463,37,0,'',0,0,0),(20463,38,0,'',0,0,0),(20463,39,0,'',0,0,0),(20463,40,0,'',0,0,0),(20463,41,0,'',0,0,0),(20463,42,0,'',0,0,0),(20463,43,0,'',0,0,0),(20463,44,0,'',0,0,0),(20463,45,0,'',0,0,0),(20463,46,0,'',0,0,0),(20463,47,0,'',0,0,0),(20463,48,0,'',0,0,0),(20463,49,0,'',0,0,0),(20463,50,0,'',0,0,0),(20463,51,0,'',0,0,0),(20463,52,0,'',0,0,0),(20463,53,0,'',0,0,0),(20463,54,0,'',0,0,0),(20463,55,0,'',0,0,0),(20463,56,0,'',0,0,0),(20463,57,0,'',0,0,0),(20463,58,0,'',0,0,0),(20463,59,0,'',0,0,0),(20463,60,0,'',0,0,0),(20463,61,0,'',0,0,0),(20463,62,0,'',0,0,0),(20463,63,0,'',0,0,0),(20463,64,0,'',0,0,0),(20463,65,0,'',0,0,0),(20463,66,0,'',0,0,0),(20463,67,0,'',0,0,0),(20463,68,0,'',0,0,0),(20463,69,0,'',0,0,0),(20463,70,0,'',0,0,0),(20463,71,0,'',0,0,0),(20463,72,0,'',0,0,0),(20463,73,0,'',0,0,0),(20463,74,0,'',0,0,0),(20463,75,0,'',0,0,0),(20463,76,0,'',0,0,0),(20463,77,0,'',0,0,0),(20463,78,0,'',0,0,0),(20463,79,0,'',0,0,0),(20463,80,0,'',0,0,0),(20463,81,0,'',0,0,0),(20463,82,0,'',0,0,0),(20463,83,0,'',0,0,0),(20463,84,0,'',0,0,0),(20463,85,0,'',0,0,0),(20463,86,0,'',0,0,0),(20463,87,0,'',0,0,0),(20463,88,0,'',0,0,0),(20463,89,0,'',0,0,0),(20463,90,0,'',0,0,0),(20463,91,0,'',0,0,0),(20463,92,0,'',0,0,0),(20463,93,0,'',0,0,0),(20463,94,0,'',0,0,0),(20463,95,0,'',0,0,0),(20463,96,0,'',0,0,0),(20463,97,0,'',0,0,0),(20463,98,0,'',0,0,0),(20463,99,0,'',0,0,0),(20463,100,0,'',0,0,0),(20463,101,0,'',0,0,0),(20463,102,0,'',0,0,0),(20463,103,0,'',0,0,0),(20463,104,0,'',0,0,0),(20463,105,0,'',0,0,0),(20463,106,0,'',0,0,0),(20463,107,0,'',0,0,0),(20463,108,0,'',0,0,0),(20463,109,0,'',0,0,0),(20463,110,0,'',0,0,0),(20463,111,0,'',0,0,0),(20463,112,0,'',0,0,0),(20463,113,0,'',0,0,0),(20463,114,0,'',0,0,0),(20463,115,0,'',0,0,0),(20463,116,0,'',0,0,0),(20463,117,0,'',0,0,0),(20463,118,0,'',0,0,0),(20463,119,0,'',0,0,0),(20463,120,0,'',0,0,0),(20463,121,0,'',0,0,0),(20463,122,0,'',0,0,0),(20463,123,0,'',0,0,0),(20463,124,0,'',0,0,0),(20463,125,0,'',0,0,0),(20463,126,0,'',0,0,0),(20463,127,0,'',0,0,0),(20463,128,0,'',0,0,0),(20463,129,0,'',0,0,0),(20463,130,0,'',0,0,0),(20463,131,0,'',0,0,0),(20463,132,0,'',0,0,0),(20463,133,0,'',0,0,0),(20463,134,0,'',0,0,0),(20463,135,0,'',0,0,0),(20463,136,0,'',0,0,0),(20463,137,0,'',0,0,0),(20463,138,0,'',0,0,0),(20463,139,0,'',0,0,0),(20463,140,0,'',0,0,0),(20463,141,0,'',0,0,0),(20463,142,0,'',0,0,0),(20463,143,0,'',0,0,0),(20463,144,0,'',0,0,0),(20463,145,0,'',0,0,0),(20463,146,0,'',0,0,0),(20463,147,0,'',0,0,0),(20463,148,0,'',0,0,0),(20463,149,0,'',0,0,0),(20463,150,0,'',0,0,0),(20463,151,0,'',0,0,0),(20463,152,0,'',0,0,0),(20463,153,0,'',0,0,0),(20463,154,0,'',0,0,0),(20463,155,0,'',0,0,0),(20463,156,0,'',0,0,0),(20463,157,0,'',0,0,0),(20463,158,0,'',0,0,0),(20463,159,0,'',0,0,0),(20463,160,0,'',0,0,0),(20463,161,0,'',0,0,0),(20463,162,0,'',0,0,0),(20463,163,0,'',0,0,0),(20463,164,0,'',0,0,0),(20463,165,0,'',0,0,0),(20463,166,0,'',0,0,0),(20463,167,0,'',0,0,0),(20463,168,0,'',0,0,0),(20463,169,0,'',0,0,0),(20463,170,0,'',0,0,0),(20463,171,0,'',0,0,0),(20463,172,0,'',0,0,0),(20463,173,0,'',0,0,0),(20463,174,0,'',0,0,0),(20463,175,0,'',0,0,0),(20463,176,0,'',0,0,0),(20463,177,0,'',0,0,0),(20463,178,0,'',0,0,0),(20463,179,0,'',0,0,0),(20463,180,0,'',0,0,0),(20463,181,0,'',0,0,0),(20463,182,0,'',0,0,0),(20463,183,0,'',0,0,0),(20463,184,0,'',0,0,0),(20463,185,0,'',0,0,0),(20463,186,0,'',0,0,0),(20463,187,0,'',0,0,0),(20463,188,0,'',0,0,0),(20463,189,0,'',0,0,0),(20463,190,0,'',0,0,0),(20463,191,0,'',0,0,0),(20463,192,0,'',0,0,0),(20463,193,0,'',0,0,0),(20463,194,0,'',0,0,0),(20463,195,0,'',0,0,0),(20463,196,0,'',0,0,0),(20463,197,0,'',0,0,0),(20463,198,0,'',0,0,0),(20463,199,0,'',0,0,0),(20463,200,0,'',0,0,0),(20463,201,0,'',0,0,0),(20463,202,0,'',0,0,0),(20463,203,0,'',0,0,0),(20463,204,0,'',0,0,0),(20463,205,0,'',0,0,0),(20463,206,0,'',0,0,0),(20463,207,0,'',0,0,0),(20463,208,0,'',0,0,0),(20463,209,0,'',0,0,0),(20463,210,0,'',0,0,0),(20463,211,0,'',0,0,0),(20463,212,0,'',0,0,0),(20463,213,0,'',0,0,0),(20463,214,0,'',0,0,0),(20463,215,0,'',0,0,0),(20463,216,0,'',0,0,0),(20463,217,0,'',0,0,0),(20463,218,0,'',0,0,0),(20463,219,0,'',0,0,0),(20463,220,0,'',0,0,0),(20463,221,0,'',0,0,0),(20463,222,0,'',0,0,0),(20463,223,0,'',0,0,0),(20463,224,0,'',0,0,0),(20463,225,0,'',0,0,0),(20463,226,0,'',0,0,0),(20463,227,0,'',0,0,0),(20463,228,0,'',0,0,0),(20463,229,0,'',0,0,0),(20463,230,0,'',0,0,0),(20463,231,0,'',0,0,0),(20463,232,0,'',0,0,0),(20463,233,0,'',0,0,0),(20463,234,0,'',0,0,0),(20463,235,0,'',0,0,0),(20463,236,0,'',0,0,0),(20463,237,0,'',0,0,0),(20463,238,0,'',0,0,0),(20463,239,0,'',0,0,0),(20463,240,0,'',0,0,0),(20463,241,0,'',0,0,0),(20463,242,0,'',0,0,0),(20463,243,0,'',0,0,0),(20463,244,0,'',0,0,0),(20463,245,0,'',0,0,0),(20463,246,0,'',0,0,0),(20463,247,0,'',0,0,0),(20463,248,0,'',0,0,0),(20463,249,0,'',0,0,0),(20463,250,0,'',0,0,0),(20463,251,0,'',0,0,0),(20463,252,0,'',0,0,0),(20463,253,0,'',0,0,0),(20463,254,0,'',0,0,0),(20463,255,0,'',0,0,0),(20463,256,0,'',0,0,0),(20463,257,0,'',0,0,0),(20463,258,0,'',0,0,0),(20463,259,0,'',0,0,0),(20463,260,0,'',0,0,0),(20463,261,0,'',0,0,0),(20463,262,0,'',0,0,0),(20463,263,0,'',0,0,0),(20463,264,0,'',0,0,0),(20463,265,0,'',0,0,0),(20463,266,0,'',0,0,0),(20463,267,0,'',0,0,0),(20463,268,0,'',0,0,0),(20463,269,0,'',0,0,0),(20463,270,0,'',0,0,0),(20463,271,0,'',0,0,0),(20463,272,0,'',0,0,0),(20463,273,0,'',0,0,0),(20463,274,0,'',0,0,0),(20463,275,0,'',0,0,0),(20463,276,0,'',0,0,0),(20463,277,0,'',0,0,0),(20463,278,0,'',0,0,0),(20463,279,0,'',0,0,0),(20463,280,0,'',0,0,0),(20463,281,0,'',0,0,0),(20463,282,0,'',0,0,0),(20463,283,0,'',0,0,0),(20463,284,0,'',0,0,0),(20463,285,0,'',0,0,0),(20463,286,0,'',0,0,0),(20463,287,0,'',0,0,0),(20463,288,0,'',0,0,0),(20463,289,0,'',0,0,0),(20463,290,0,'',0,0,0),(20463,291,0,'',0,0,0),(20463,292,0,'',0,0,0),(20463,293,0,'',0,0,0),(20463,294,0,'',0,0,0),(20463,295,0,'',0,0,0),(20463,296,0,'',0,0,0),(20463,297,0,'',0,0,0),(20463,298,0,'',0,0,0),(20463,299,0,'',0,0,0),(20463,300,0,'',0,0,0),(20463,301,0,'',0,0,0),(20463,302,0,'',0,0,0),(20463,303,0,'',0,0,0),(20463,304,0,'',0,0,0),(20463,305,0,'',0,0,0),(20463,306,0,'',0,0,0),(20463,307,0,'',0,0,0),(20463,308,0,'',0,0,0),(20463,309,0,'',0,0,0),(20463,310,0,'',0,0,0),(20463,311,0,'',0,0,0),(20463,312,0,'',0,0,0),(20463,313,0,'',0,0,0),(20463,314,0,'',0,0,0),(20463,315,0,'',0,0,0),(20463,316,0,'',0,0,0),(20463,317,0,'',0,0,0),(20463,318,0,'',0,0,0),(20463,319,0,'',0,0,0),(20463,320,0,'',0,0,0),(20463,321,0,'',0,0,0),(20463,322,0,'',0,0,0),(20463,323,0,'',0,0,0),(20463,324,0,'',0,0,0),(20463,325,0,'',0,0,0),(20463,326,0,'',0,0,0),(20463,327,0,'',0,0,0),(20463,328,0,'',0,0,0),(20463,329,0,'',0,0,0),(20463,330,0,'',0,0,0),(20463,331,0,'',0,0,0),(20463,332,0,'',0,0,0),(20463,333,0,'',0,0,0),(20463,334,0,'',0,0,0),(20463,335,0,'',0,0,0),(20463,336,0,'',0,0,0),(20463,337,0,'',0,0,0),(20463,338,0,'',0,0,0),(20463,339,0,'',0,0,0),(20463,340,0,'',0,0,0),(20463,341,0,'',0,0,0),(20463,342,0,'',0,0,0),(20463,343,0,'',0,0,0),(20463,344,0,'',0,0,0),(20463,345,0,'',0,0,0),(20463,346,0,'',0,0,0),(20463,347,0,'',0,0,0),(20463,348,0,'',0,0,0),(20463,349,0,'',0,0,0),(20463,350,0,'',0,0,0),(20463,351,0,'',0,0,0),(20463,352,0,'',0,0,0),(20463,353,0,'',0,0,0),(20463,354,0,'',0,0,0),(20463,355,0,'',0,0,0),(20463,356,0,'',0,0,0),(20463,357,0,'',0,0,0),(20463,358,0,'',0,0,0),(20463,359,0,'',0,0,0),(20463,360,0,'',0,0,0),(20463,361,0,'',0,0,0),(20463,362,0,'',0,0,0),(20463,363,0,'',0,0,0),(20463,364,0,'',0,0,0),(20463,365,0,'',0,0,0),(20463,366,0,'',0,0,0),(20463,367,0,'',0,0,0),(20463,368,0,'',0,0,0),(20463,369,0,'',0,0,0),(20463,370,0,'',0,0,0),(20463,371,0,'',0,0,0),(20463,372,0,'',0,0,0),(20463,373,0,'',0,0,0),(20463,374,0,'',0,0,0),(20463,375,0,'',0,0,0),(20463,376,0,'',0,0,0),(20463,377,0,'',0,0,0),(20463,378,0,'',0,0,0),(20463,379,0,'',0,0,0),(20463,380,0,'',0,0,0),(20463,381,0,'',0,0,0),(20463,382,0,'',0,0,0),(20463,383,0,'',0,0,0),(20463,384,0,'',0,0,0),(20463,385,0,'',0,0,0),(20463,386,0,'',0,0,0),(20463,387,0,'',0,0,0),(20463,388,0,'',0,0,0),(20463,389,0,'',0,0,0),(20463,390,0,'',0,0,0),(20463,391,0,'',0,0,0),(20463,392,0,'',0,0,0),(20463,393,0,'',0,0,0),(20463,394,0,'',0,0,0),(20463,395,0,'',0,0,0),(20463,396,0,'',0,0,0),(20463,397,0,'',0,0,0),(20463,398,0,'',0,0,0),(20463,399,0,'',0,0,0),(20463,400,0,'',0,0,0),(20463,401,0,'',0,0,0),(20463,402,0,'',0,0,0),(20463,403,0,'',0,0,0),(20463,404,0,'',0,0,0),(20463,405,0,'',0,0,0),(20463,406,0,'',0,0,0),(20463,407,0,'',0,0,0),(20463,408,0,'',0,0,0),(20463,409,0,'',0,0,0),(20463,410,0,'',0,0,0),(20463,411,0,'',0,0,0),(20463,412,0,'',0,0,0),(20463,413,0,'',0,0,0),(20463,414,0,'',0,0,0),(20463,415,0,'',0,0,0),(20463,416,0,'',0,0,0),(20463,417,0,'',0,0,0),(20463,418,0,'',0,0,0),(20463,419,0,'',0,0,0),(20463,420,0,'',0,0,0),(20463,421,0,'',0,0,0),(20463,422,0,'',0,0,0),(20463,423,0,'',0,0,0),(20463,424,0,'',0,0,0),(20463,425,0,'',0,0,0),(20463,426,0,'',0,0,0),(20463,427,0,'',0,0,0),(20463,428,0,'',0,0,0),(20463,429,0,'',0,0,0),(20463,430,0,'',0,0,0),(20463,431,0,'',0,0,0),(20463,432,0,'',0,0,0),(20463,433,0,'',0,0,0),(20463,434,0,'',0,0,0),(20463,435,0,'',0,0,0),(20463,436,0,'',0,0,0),(20463,437,0,'',0,0,0),(20463,438,0,'',0,0,0),(20463,439,0,'',0,0,0),(20463,440,0,'',0,0,0),(20463,441,0,'',0,0,0),(20463,442,0,'',0,0,0),(20463,443,0,'',0,0,0),(20463,444,0,'',0,0,0),(20463,445,0,'',0,0,0),(20463,446,0,'',0,0,0),(20463,447,0,'',0,0,0),(20463,448,0,'',0,0,0),(20463,449,0,'',0,0,0),(20463,450,0,'',0,0,0),(20463,451,0,'',0,0,0),(20463,452,0,'',0,0,0),(20463,453,0,'',0,0,0),(20463,454,0,'',0,0,0),(20463,455,0,'',0,0,0),(20463,456,0,'',0,0,0),(20463,457,0,'',0,0,0),(20463,458,0,'',0,0,0),(20463,459,0,'',0,0,0),(20463,460,0,'',0,0,0),(20463,461,0,'',0,0,0),(20463,462,0,'',0,0,0),(20463,463,0,'',0,0,0),(20463,464,0,'',0,0,0),(20463,465,0,'',0,0,0),(20463,466,0,'',0,0,0),(20463,467,0,'',0,0,0),(20463,468,0,'',0,0,0),(20463,469,0,'',0,0,0),(20463,470,0,'',0,0,0),(20463,471,0,'',0,0,0),(20463,472,0,'',0,0,0),(20463,473,0,'',0,0,0),(20463,474,0,'',0,0,0),(20463,475,0,'',0,0,0),(20463,476,0,'',0,0,0),(20463,477,0,'',0,0,0),(20463,478,0,'',0,0,0),(20463,479,0,'',0,0,0),(20463,480,0,'',0,0,0),(20463,481,0,'',0,0,0),(20463,482,0,'',0,0,0),(20463,483,0,'',0,0,0),(20463,484,0,'',0,0,0),(20463,485,0,'',0,0,0),(20463,486,0,'',0,0,0),(20463,487,0,'',0,0,0),(20463,488,0,'',0,0,0),(20463,489,0,'',0,0,0),(20463,490,0,'',0,0,0),(20463,491,0,'',0,0,0),(20463,492,0,'',0,0,0),(20463,493,0,'',0,0,0),(20463,494,0,'',0,0,0),(20463,495,0,'',0,0,0),(20463,496,0,'',0,0,0),(20463,497,0,'',0,0,0),(20463,498,0,'',0,0,0),(20463,499,0,'',0,0,0),(20463,500,0,'',0,0,0),(20463,501,0,'',0,0,0),(20463,502,0,'',0,0,0),(20463,503,0,'',0,0,0),(20463,504,0,'',0,0,0),(20463,505,0,'',0,0,0),(20463,506,0,'',0,0,0),(20463,507,0,'',0,0,0),(20463,508,0,'',0,0,0),(20463,509,0,'',0,0,0),(20463,510,0,'',0,0,0),(20463,511,0,'',0,0,0),(20463,512,0,'',0,0,0),(20463,513,0,'',0,0,0),(20463,514,0,'',0,0,0),(20463,515,0,'',0,0,0),(20463,516,0,'',0,0,0),(20463,517,0,'',0,0,0),(20463,518,0,'',0,0,0),(20463,519,0,'',0,0,0),(20463,520,0,'',0,0,0),(20463,521,0,'',0,0,0),(20463,522,0,'',0,0,0),(20463,523,0,'',0,0,0),(20463,524,0,'',0,0,0),(20463,525,0,'',0,0,0),(20463,526,0,'',0,0,0),(20463,527,0,'',0,0,0),(20463,528,0,'',0,0,0),(20463,529,0,'',0,0,0),(20463,530,0,'',0,0,0),(20463,531,0,'',0,0,0),(20463,532,0,'',0,0,0),(20463,533,0,'',0,0,0),(20463,534,0,'',0,0,0),(20463,535,0,'',0,0,0),(20463,536,0,'',0,0,0),(20463,537,0,'',0,0,0),(20463,538,0,'',0,0,0),(20463,539,0,'',0,0,0),(20463,540,0,'',0,0,0),(20463,541,0,'',0,0,0),(20463,542,0,'',0,0,0),(20463,543,0,'',0,0,0),(20463,544,0,'',0,0,0),(20463,545,0,'',0,0,0),(20463,546,0,'',0,0,0),(20463,547,0,'',0,0,0),(20463,548,0,'',0,0,0),(20463,549,0,'',0,0,0),(20463,550,0,'',0,0,0),(20463,551,0,'',0,0,0),(20463,552,0,'',0,0,0),(20463,553,0,'',0,0,0),(20463,554,0,'',0,0,0),(20463,555,0,'',0,0,0),(20463,556,0,'',0,0,0),(20463,557,0,'',0,0,0),(20463,558,0,'',0,0,0),(20463,559,0,'',0,0,0),(20463,560,0,'',0,0,0),(20463,561,0,'',0,0,0),(20463,562,0,'',0,0,0),(20463,563,0,'',0,0,0),(20463,564,0,'',0,0,0),(20463,565,0,'',0,0,0),(20463,566,0,'',0,0,0),(20463,567,0,'',0,0,0),(20463,568,0,'',0,0,0),(20463,569,0,'',0,0,0),(20463,570,0,'',0,0,0),(20463,571,0,'',0,0,0),(20463,572,0,'',0,0,0),(20463,573,0,'',0,0,0),(20463,574,0,'',0,0,0),(20463,575,0,'',0,0,0),(20463,576,0,'',0,0,0),(20463,577,0,'',0,0,0),(20463,578,0,'',0,0,0),(20463,579,0,'',0,0,0),(20463,580,0,'',0,0,0),(20463,581,0,'',0,0,0),(20463,582,0,'',0,0,0),(20463,583,0,'',0,0,0),(20463,584,0,'',0,0,0),(20463,585,0,'',0,0,0),(20463,586,0,'',0,0,0),(20463,587,0,'',0,0,0),(20463,588,0,'',0,0,0),(20463,589,0,'',0,0,0),(20463,590,0,'',0,0,0),(20463,591,0,'',0,0,0),(20463,592,0,'',0,0,0),(20463,593,0,'',0,0,0),(20463,594,0,'',0,0,0),(20463,595,0,'',0,0,0),(20463,596,0,'',0,0,0),(20463,597,0,'',0,0,0),(20463,598,0,'',0,0,0),(20463,599,0,'',0,0,0),(20463,600,0,'',0,0,0),(20463,601,0,'',0,0,0),(20463,602,0,'',0,0,0),(20463,603,0,'',0,0,0),(20463,604,0,'',0,0,0),(20463,605,0,'',0,0,0),(20463,606,0,'',0,0,0),(20463,607,0,'',0,0,0),(20463,608,0,'',0,0,0),(20463,609,0,'',0,0,0),(20463,610,0,'',0,0,0),(20463,611,0,'',0,0,0),(20463,612,0,'',0,0,0),(20463,613,0,'',0,0,0),(20463,614,0,'',0,0,0),(20463,615,0,'',0,0,0),(20463,616,0,'',0,0,0),(20463,617,0,'',0,0,0),(20463,618,0,'',0,0,0),(20463,619,0,'',0,0,0),(20463,620,0,'',0,0,0),(20463,621,0,'',0,0,0),(20463,622,0,'',0,0,0),(20463,623,0,'',0,0,0),(20463,624,0,'',0,0,0),(20463,625,0,'',0,0,0),(20463,626,0,'',0,0,0),(20463,627,0,'',0,0,0),(20463,628,0,'',0,0,0),(20463,629,0,'',0,0,0),(20463,630,0,'',0,0,0),(20463,631,0,'',0,0,0),(20463,632,0,'',0,0,0),(20463,633,0,'',0,0,0),(20463,634,0,'',0,0,0),(20463,635,0,'',0,0,0),(20463,636,0,'',0,0,0),(20463,637,0,'',0,0,0),(20463,638,0,'',0,0,0),(20463,639,0,'',0,0,0),(20463,640,0,'',0,0,0),(20463,641,0,'',0,0,0),(20463,642,0,'',0,0,0),(20463,643,0,'',0,0,0),(20463,644,0,'',0,0,0),(20463,645,0,'',0,0,0),(20463,646,0,'',0,0,0),(20463,647,0,'',0,0,0),(20463,648,0,'',0,0,0),(20463,649,0,'',0,0,0),(20463,650,0,'',0,0,0),(20463,651,0,'',0,0,0),(20463,652,0,'',0,0,0),(20463,653,0,'',0,0,0),(20463,654,0,'',0,0,0),(20463,655,0,'',0,0,0),(20463,656,0,'',0,0,0),(20463,657,0,'',0,0,0),(20463,658,0,'',0,0,0),(20463,659,0,'',0,0,0),(20463,660,0,'',0,0,0),(20463,661,0,'',0,0,0),(20463,662,0,'',0,0,0),(20463,663,0,'',0,0,0),(20463,664,0,'',0,0,0),(20463,665,0,'',0,0,0),(20463,666,0,'',0,0,0),(20463,667,0,'',0,0,0),(20463,668,0,'',0,0,0),(20463,669,0,'',0,0,0),(20463,670,0,'',0,0,0),(20463,671,0,'',0,0,0),(20463,672,0,'',0,0,0),(20463,673,0,'',0,0,0),(20463,674,0,'',0,0,0),(20463,675,0,'',0,0,0),(20463,676,0,'',0,0,0),(20463,677,0,'',0,0,0),(20463,678,0,'',0,0,0),(20463,679,0,'',0,0,0),(20463,680,0,'',0,0,0),(20463,681,0,'',0,0,0),(20463,682,0,'',0,0,0),(20463,683,0,'',0,0,0),(20463,684,0,'',0,0,0),(20463,685,0,'',0,0,0),(20463,686,0,'',0,0,0),(20463,687,0,'',0,0,0),(20463,688,0,'',0,0,0),(20463,689,0,'',0,0,0),(20463,690,0,'',0,0,0),(20463,691,0,'',0,0,0),(20463,692,0,'',0,0,0),(20463,693,0,'',0,0,0),(20463,694,0,'',0,0,0),(20463,695,0,'',0,0,0),(20463,696,0,'',0,0,0),(20463,697,0,'',0,0,0),(20463,698,0,'',0,0,0),(20463,699,0,'',0,0,0),(20463,700,0,'',0,0,0),(20463,701,0,'',0,0,0),(20463,702,0,'',0,0,0),(20463,703,0,'',0,0,0),(20463,704,0,'',0,0,0),(20463,705,0,'',0,0,0),(20463,706,0,'',0,0,0),(20463,707,0,'',0,0,0),(20463,708,0,'',0,0,0),(20463,709,0,'',0,0,0),(20463,710,0,'',0,0,0),(20463,711,0,'',0,0,0),(20463,712,0,'',0,0,0),(20463,713,0,'',0,0,0),(20463,714,0,'',0,0,0),(20463,715,0,'',0,0,0),(20463,716,0,'',0,0,0),(20463,717,0,'',0,0,0),(20463,718,0,'',0,0,0),(20463,719,0,'',0,0,0),(20463,720,0,'',0,0,0),(20463,721,0,'',0,0,0),(20463,722,0,'',0,0,0),(20463,723,0,'',0,0,0),(20463,724,0,'',0,0,0),(20463,725,0,'',0,0,0),(20463,726,0,'',0,0,0),(20463,727,0,'',0,0,0),(20463,728,0,'',0,0,0),(20463,729,0,'',0,0,0),(20463,730,0,'',0,0,0),(20463,731,0,'',0,0,0),(20463,732,0,'',0,0,0),(20463,733,0,'',0,0,0),(20463,734,0,'',0,0,0),(20463,735,0,'',0,0,0),(20463,736,0,'',0,0,0),(20463,737,0,'',0,0,0),(20463,738,0,'',0,0,0),(20463,739,0,'',0,0,0),(20463,740,0,'',0,0,0),(20463,741,0,'',0,0,0),(20463,742,0,'',0,0,0),(20463,743,0,'',0,0,0),(20463,744,0,'',0,0,0),(20463,745,0,'',0,0,0),(20463,746,0,'',0,0,0),(20463,747,0,'',0,0,0),(20463,748,0,'',0,0,0),(20463,749,0,'',0,0,0),(20463,750,0,'',0,0,0),(20463,751,0,'',0,0,0),(20463,752,0,'',0,0,0),(20463,753,0,'',0,0,0),(20463,754,0,'',0,0,0),(20463,755,0,'',0,0,0),(20463,756,0,'',0,0,0),(20463,757,0,'',0,0,0),(20463,758,0,'',0,0,0),(20463,759,0,'',0,0,0),(20463,760,0,'',0,0,0),(20463,761,0,'',0,0,0),(20463,762,0,'',0,0,0),(20463,763,0,'',0,0,0),(20463,764,0,'',0,0,0),(20463,765,0,'',0,0,0),(20463,766,0,'',0,0,0),(20463,767,0,'',0,0,0),(20463,768,0,'',0,0,0),(20463,769,0,'',0,0,0),(20463,770,0,'',0,0,0),(20463,771,0,'',0,0,0),(20463,772,0,'',0,0,0),(20463,773,0,'',0,0,0),(20463,774,0,'',0,0,0),(20463,775,0,'',0,0,0),(20463,776,0,'',0,0,0),(20463,777,0,'',0,0,0),(20463,778,0,'',0,0,0),(20463,779,0,'',0,0,0),(20463,780,0,'',0,0,0),(20463,781,0,'',0,0,0),(20463,782,0,'',0,0,0),(20463,783,0,'',0,0,0),(20463,784,0,'',0,0,0),(20463,785,0,'',0,0,0),(20463,786,0,'',0,0,0),(20463,787,0,'',0,0,0),(20463,788,0,'',0,0,0),(20463,789,0,'',0,0,0),(20463,790,0,'',0,0,0),(20463,791,0,'',0,0,0),(20463,792,0,'',0,0,0),(20463,793,0,'',0,0,0),(20463,794,0,'',0,0,0),(20463,795,0,'',0,0,0),(20463,796,0,'',0,0,0),(20463,797,0,'',0,0,0),(20463,798,0,'',0,0,0),(20463,799,0,'',0,0,0),(20463,800,0,'',0,0,0),(20463,801,0,'',0,0,0),(20463,802,0,'',0,0,0),(20463,803,0,'',0,0,0),(20463,804,0,'',0,0,0),(20463,805,0,'',0,0,0),(20463,806,0,'',0,0,0),(20463,807,0,'',0,0,0),(20463,808,0,'',0,0,0),(20463,809,0,'',0,0,0),(20463,810,0,'',0,0,0),(20463,811,0,'',0,0,0),(20463,812,0,'',0,0,0),(20463,813,0,'',0,0,0),(20463,814,0,'',0,0,0),(20463,815,0,'',0,0,0),(20463,816,0,'',0,0,0),(20463,817,0,'',0,0,0),(20463,818,0,'',0,0,0),(20463,819,0,'',0,0,0),(20463,820,0,'',0,0,0),(20463,821,0,'',0,0,0),(20463,822,0,'',0,0,0),(20463,823,0,'',0,0,0),(20463,824,0,'',0,0,0),(20463,825,0,'',0,0,0),(20463,826,0,'',0,0,0),(20463,827,0,'',0,0,0),(20463,828,0,'',0,0,0),(20463,829,0,'',0,0,0),(20463,830,0,'',0,0,0),(20463,831,0,'',0,0,0),(20463,832,0,'',0,0,0),(20463,833,0,'',0,0,0),(20463,834,0,'',0,0,0),(20463,835,0,'',0,0,0),(20463,836,0,'',0,0,0),(20463,837,0,'',0,0,0),(20463,838,0,'',0,0,0),(20463,839,0,'',0,0,0),(20463,840,0,'',0,0,0),(20463,841,0,'',0,0,0),(20463,842,0,'',0,0,0),(20463,843,0,'',0,0,0),(20463,844,0,'',0,0,0),(20463,845,0,'',0,0,0),(20463,846,0,'',0,0,0),(20463,847,0,'',0,0,0),(20463,848,0,'',0,0,0),(20463,849,0,'',0,0,0),(20463,850,0,'',0,0,0),(20463,851,0,'',0,0,0),(20463,852,0,'',0,0,0),(20463,853,0,'',0,0,0),(20463,854,0,'',0,0,0),(20463,855,0,'',0,0,0),(20463,856,0,'',0,0,0),(20463,857,0,'',0,0,0),(20463,858,0,'',0,0,0),(20463,859,0,'',0,0,0),(20463,860,0,'',0,0,0),(20463,861,0,'',0,0,0),(20463,862,0,'',0,0,0),(20463,863,0,'',0,0,0),(20463,864,0,'',0,0,0),(20463,865,0,'',0,0,0),(20463,866,0,'',0,0,0),(20463,867,0,'',0,0,0),(20463,868,0,'',0,0,0),(20463,869,0,'',0,0,0),(20463,870,0,'',0,0,0),(20463,871,0,'',0,0,0),(20463,872,0,'',0,0,0),(20463,873,0,'',0,0,0),(20463,874,0,'',0,0,0),(20463,875,0,'',0,0,0),(20463,876,0,'',0,0,0),(20463,877,0,'',0,0,0),(20463,878,0,'',0,0,0),(20463,879,0,'',0,0,0),(20463,880,0,'',0,0,0),(20463,881,0,'',0,0,0),(20463,882,0,'',0,0,0),(20463,883,0,'',0,0,0),(20463,884,0,'',0,0,0),(20463,885,0,'',0,0,0),(20463,886,0,'',0,0,0),(20463,887,0,'',0,0,0),(20463,888,0,'',0,0,0),(20463,889,0,'',0,0,0),(20463,890,0,'',0,0,0),(20463,891,0,'',0,0,0),(20463,892,0,'',0,0,0),(20463,893,0,'',0,0,0),(20463,894,0,'',0,0,0),(20463,895,0,'',0,0,0),(20463,896,0,'',0,0,0),(20463,897,0,'',0,0,0),(20463,898,0,'',0,0,0),(20463,899,0,'',0,0,0),(20463,900,0,'',0,0,0),(20463,901,0,'',0,0,0),(20463,902,0,'',0,0,0),(20463,903,0,'',0,0,0),(20463,904,0,'',0,0,0),(20463,905,0,'',0,0,0),(20463,906,0,'',0,0,0),(20463,907,0,'',0,0,0),(20463,908,0,'',0,0,0),(20463,909,0,'',0,0,0),(20463,910,0,'',0,0,0),(20463,911,0,'',0,0,0),(20463,912,0,'',0,0,0),(20463,913,0,'',0,0,0),(20463,914,0,'',0,0,0),(20463,915,0,'',0,0,0),(20463,916,0,'',0,0,0),(20463,917,0,'',0,0,0),(20463,918,0,'',0,0,0),(20463,919,0,'',0,0,0),(20463,920,0,'',0,0,0),(20463,921,0,'',0,0,0),(20463,922,0,'',0,0,0),(20463,923,0,'',0,0,0),(20463,924,0,'',0,0,0),(20463,925,0,'',0,0,0),(20463,926,0,'',0,0,0),(20463,927,0,'',0,0,0),(20463,928,0,'',0,0,0),(20463,929,0,'',0,0,0),(20463,930,0,'',0,0,0),(20463,931,0,'',0,0,0),(20463,932,0,'',0,0,0),(20463,933,0,'',0,0,0),(20463,934,0,'',0,0,0),(20463,935,0,'',0,0,0),(20463,936,0,'',0,0,0),(20463,937,0,'',0,0,0),(20463,938,0,'',0,0,0),(20463,939,0,'',0,0,0),(20463,940,0,'',0,0,0),(20463,941,0,'',0,0,0),(20463,942,0,'',0,0,0),(20463,943,0,'',0,0,0),(20463,944,0,'',0,0,0),(20463,945,0,'',0,0,0),(20463,946,0,'',0,0,0),(20463,947,0,'',0,0,0),(20463,948,0,'',0,0,0),(20463,949,0,'',0,0,0),(20463,950,0,'',0,0,0),(20463,951,0,'',0,0,0),(20463,952,0,'',0,0,0),(20463,953,0,'',0,0,0),(20463,954,0,'',0,0,0),(20463,955,0,'',0,0,0),(20463,956,0,'',0,0,0),(20463,957,0,'',0,0,0),(20463,958,0,'',0,0,0),(20463,959,0,'',0,0,0),(20463,960,0,'',0,0,0),(20463,961,0,'',0,0,0),(20463,962,0,'',0,0,0),(20463,963,0,'',0,0,0),(20463,964,0,'',0,0,0),(20463,965,0,'',0,0,0),(20463,966,0,'',0,0,0),(20463,967,0,'',0,0,0),(20463,968,0,'',0,0,0),(20463,969,0,'',0,0,0),(20463,970,0,'',0,0,0),(20463,971,0,'',0,0,0),(20463,972,0,'',0,0,0),(20463,973,0,'',0,0,0),(20463,974,0,'',0,0,0),(20463,975,0,'',0,0,0),(20463,976,0,'',0,0,0),(20463,977,0,'',0,0,0),(20463,978,0,'',0,0,0),(20463,979,0,'',0,0,0),(20463,980,0,'',0,0,0),(20463,981,0,'',0,0,0),(20463,982,0,'',0,0,0),(20463,983,0,'',0,0,0),(20463,984,0,'',0,0,0),(20463,985,0,'',0,0,0),(20463,986,0,'',0,0,0),(20463,987,0,'',0,0,0),(20463,988,0,'',0,0,0),(20463,989,0,'',0,0,0),(20463,990,0,'',0,0,0),(20463,991,0,'',0,0,0),(20463,992,0,'',0,0,0),(20463,993,0,'',0,0,0),(20463,994,0,'',0,0,0),(20463,995,0,'',0,0,0),(20463,996,0,'',0,0,0),(20463,997,0,'',0,0,0),(20463,998,0,'',0,0,0),(20463,999,0,'',0,0,0),(20463,1000,0,'',0,0,0),(20463,1001,0,'',0,0,0),(20463,1002,0,'',0,0,0),(20463,1003,0,'',0,0,0),(20463,1004,0,'',0,0,0),(20463,1005,0,'',0,0,0),(20463,1006,0,'',0,0,0),(20463,1007,0,'',0,0,0),(20463,1008,0,'',0,0,0),(20463,1009,0,'',0,0,0),(20463,1010,0,'',0,0,0),(20463,1011,0,'',0,0,0),(20463,1012,0,'',0,0,0),(20463,1013,0,'',0,0,0),(20463,1014,0,'',0,0,0),(20463,1015,0,'',0,0,0),(20463,1016,0,'',0,0,0),(20463,1017,0,'',0,0,0),(20463,1018,0,'',0,0,0),(20463,1019,0,'',0,0,0),(20463,1020,0,'',0,0,0),(20463,1021,0,'',0,0,0),(20463,1022,0,'',0,0,0),(20463,1023,0,'',0,0,0),(20463,1024,0,'',0,0,0),(20463,1025,0,'',0,0,0),(20463,1026,0,'',0,0,0),(20463,1027,0,'',0,0,0),(20463,1028,0,'',0,0,0),(20463,1029,0,'',0,0,0),(20463,1030,0,'',0,0,0),(20463,1031,0,'',0,0,0),(20463,1032,0,'',0,0,0),(20463,1033,0,'',0,0,0),(20463,1034,0,'',0,0,0),(20463,1035,0,'',0,0,0),(20463,1036,0,'',0,0,0),(20463,1037,0,'',0,0,0),(20463,1038,0,'',0,0,0),(20463,1039,0,'',0,0,0),(20463,1040,0,'',0,0,0),(20463,1041,0,'',0,0,0),(20463,1042,0,'',0,0,0),(20463,1043,0,'',0,0,0),(20463,1044,0,'',0,0,0),(20463,1045,0,'',0,0,0),(20463,1046,0,'',0,0,0),(20463,1047,0,'',0,0,0),(20463,1048,0,'',0,0,0),(20463,1049,0,'',0,0,0),(20463,1050,0,'',0,0,0),(20463,1051,0,'',0,0,0),(20463,1052,0,'',0,0,0),(20463,1053,0,'',0,0,0),(20463,1054,0,'',0,0,0),(20463,1055,0,'',0,0,0),(20463,1056,0,'',0,0,0),(20463,1057,0,'',0,0,0),(20463,1058,0,'',0,0,0),(20463,1059,0,'',0,0,0),(20463,1060,0,'',0,0,0),(20463,1061,0,'',0,0,0),(20463,1062,0,'',0,0,0),(20463,1063,0,'',0,0,0),(20463,1064,0,'',0,0,0),(20463,1065,0,'',0,0,0),(20463,1066,0,'',0,0,0),(20463,1067,0,'',0,0,0),(20463,1068,0,'',0,0,0),(20463,1069,0,'',0,0,0),(20463,1070,0,'',0,0,0),(20463,1071,0,'',0,0,0),(20463,1072,0,'',0,0,0),(20463,1073,0,'',0,0,0),(20463,1074,0,'',0,0,0),(20463,1075,0,'',0,0,0),(20463,1076,0,'',0,0,0),(20463,1077,0,'',0,0,0),(20463,1078,0,'',0,0,0),(20463,1079,0,'',0,0,0),(20463,1080,0,'',0,0,0),(20463,1081,0,'',0,0,0),(20463,1082,0,'',0,0,0),(20463,1083,0,'',0,0,0),(20463,1084,0,'',0,0,0),(20463,1085,0,'',0,0,0),(20463,1086,0,'',0,0,0),(20463,1087,0,'',0,0,0),(20463,1088,0,'',0,0,0),(20463,1089,0,'',0,0,0),(20463,1090,0,'',0,0,0),(20463,1091,0,'',0,0,0),(20463,1092,0,'',0,0,0),(20463,1093,0,'',0,0,0),(20463,1094,0,'',0,0,0),(20463,1095,0,'',0,0,0),(20463,1096,0,'',0,0,0),(20463,1097,0,'',0,0,0),(20463,1098,0,'',0,0,0),(20463,1099,0,'',0,0,0),(20463,1100,0,'',0,0,0),(20463,1101,0,'',0,0,0),(20463,1102,0,'',0,0,0),(20463,1103,0,'',0,0,0),(20463,1104,0,'',0,0,0),(20463,1105,0,'',0,0,0),(20463,1106,0,'',0,0,0),(20463,1107,0,'',0,0,0),(20463,1108,0,'',0,0,0),(20463,1109,0,'',0,0,0),(20463,1110,0,'',0,0,0),(20463,1111,0,'',0,0,0),(20463,1112,0,'',0,0,0),(20463,1113,0,'',0,0,0),(20463,1114,0,'',0,0,0),(20463,1115,0,'',0,0,0),(20463,1116,0,'',0,0,0),(20463,1117,0,'',0,0,0),(20463,1118,0,'',0,0,0),(20463,1119,0,'',0,0,0),(20463,1120,0,'',0,0,0),(20463,1121,0,'',0,0,0),(20463,1122,0,'',0,0,0),(20463,1123,0,'',0,0,0),(20463,1124,0,'',0,0,0),(20463,1125,0,'',0,0,0),(20463,1126,0,'',0,0,0),(20463,1127,0,'',0,0,0),(20463,1128,0,'',0,0,0),(20463,1129,0,'',0,0,0),(20463,1130,0,'',0,0,0),(20463,1131,0,'',0,0,0),(20463,1132,0,'',0,0,0),(20463,1133,0,'',0,0,0),(20463,1134,0,'',0,0,0),(20463,1135,0,'',0,0,0),(20463,1136,0,'',0,0,0),(20463,1137,0,'',0,0,0),(20463,1138,0,'',0,0,0),(20463,1139,0,'',0,0,0),(20463,1140,0,'',0,0,0),(20463,1141,0,'',0,0,0),(20463,1142,0,'',0,0,0),(20463,1143,0,'',0,0,0),(20463,1144,0,'',0,0,0),(20463,1145,0,'',0,0,0),(20463,1146,0,'',0,0,0),(20463,1147,0,'',0,0,0),(20463,1148,0,'',0,0,0),(20463,1149,0,'',0,0,0),(20463,1150,0,'',0,0,0),(20463,1151,0,'',0,0,0),(20463,1152,0,'',0,0,0),(20463,1153,0,'',0,0,0),(20463,1154,0,'',0,0,0),(20463,1155,0,'',0,0,0),(20463,1156,0,'',0,0,0),(20463,1157,0,'',0,0,0),(20463,1158,0,'',0,0,0),(20463,1159,0,'',0,0,0),(20463,1160,0,'',0,0,0),(20463,1161,0,'',0,0,0),(20463,1162,0,'',0,0,0),(20463,1163,0,'',0,0,0),(20463,1164,0,'',0,0,0),(20463,1165,0,'',0,0,0),(20463,1166,0,'',0,0,0),(20463,1167,0,'',0,0,0),(20463,1168,0,'',0,0,0),(20463,1169,0,'',0,0,0),(20463,1170,0,'',0,0,0),(20463,1171,0,'',0,0,0),(20463,1172,0,'',0,0,0),(20463,1173,0,'',0,0,0),(20463,1174,0,'',0,0,0),(20463,1175,0,'',0,0,0),(20463,1176,0,'',0,0,0),(20463,1177,0,'',0,0,0),(20463,1178,0,'',0,0,0),(20463,1179,0,'',0,0,0),(20463,1180,0,'',0,0,0),(20463,1181,0,'',0,0,0),(20463,1182,0,'',0,0,0),(20463,1183,0,'',0,0,0),(20463,1184,0,'',0,0,0),(20463,1185,0,'',0,0,0),(20463,1186,0,'',0,0,0),(20463,1187,0,'',0,0,0),(20463,1188,0,'',0,0,0),(20463,1189,0,'',0,0,0),(20463,1190,0,'',0,0,0),(20463,1191,0,'',0,0,0),(20463,1192,0,'',0,0,0),(20463,1193,0,'',0,0,0),(20463,1194,0,'',0,0,0),(20463,1195,0,'',0,0,0),(20463,1196,0,'',0,0,0),(20463,1197,0,'',0,0,0),(20463,1198,0,'',0,0,0),(20463,1199,0,'',0,0,0),(20463,1200,0,'',0,0,0),(20463,1201,0,'',0,0,0),(20463,1202,0,'',0,0,0),(20463,1203,0,'',0,0,0),(20463,1204,0,'',0,0,0),(20463,1205,0,'',0,0,0),(20463,1206,0,'',0,0,0),(20463,1207,0,'',0,0,0),(20463,1208,0,'',0,0,0),(20463,1209,0,'',0,0,0),(20463,1210,0,'',0,0,0),(20463,1211,0,'',0,0,0),(20463,1212,0,'',0,0,0),(20463,1213,0,'',0,0,0),(20463,1214,0,'',0,0,0),(20463,1215,0,'',0,0,0),(20463,1216,0,'',0,0,0),(20463,1217,0,'',0,0,0),(20463,1218,0,'',0,0,0),(20463,1219,0,'',0,0,0),(20463,1220,0,'',0,0,0),(20463,1221,0,'',0,0,0),(20463,1222,0,'',0,0,0),(20463,1223,0,'',0,0,0),(20463,1224,0,'',0,0,0),(20463,1225,0,'',0,0,0),(20463,1226,0,'',0,0,0),(20463,1227,0,'',0,0,0),(20463,1228,0,'',0,0,0),(20463,1229,0,'',0,0,0),(20463,1230,0,'',0,0,0),(20463,1231,0,'',0,0,0),(20463,1232,0,'',0,0,0),(20463,1233,0,'',0,0,0),(20463,1234,0,'',0,0,0),(20463,1235,0,'',0,0,0),(20463,1236,0,'',0,0,0),(20463,1237,0,'',0,0,0),(20463,1238,0,'',0,0,0),(20463,1239,0,'',0,0,0),(20463,1240,0,'',0,0,0),(20463,1241,0,'',0,0,0),(20463,1242,0,'',0,0,0),(20463,1243,0,'',0,0,0),(20463,1244,0,'',0,0,0),(20463,1245,0,'',0,0,0),(20463,1246,0,'',0,0,0),(20463,1247,0,'',0,0,0),(20463,1248,0,'',0,0,0),(20463,1249,0,'',0,0,0),(20463,1250,0,'',0,0,0),(20463,1251,0,'',0,0,0),(20463,1252,0,'',0,0,0),(20463,1253,0,'',0,0,0),(20463,1254,0,'',0,0,0),(20463,1255,0,'',0,0,0),(20463,1256,0,'',0,0,0),(20463,1257,0,'',0,0,0),(20463,1258,0,'',0,0,0),(20463,1259,0,'',0,0,0),(20463,1260,0,'',0,0,0),(20463,1261,0,'',0,0,0),(20463,1262,0,'',0,0,0),(20463,1263,0,'',0,0,0),(20463,1264,0,'',0,0,0),(20463,1265,0,'',0,0,0),(20463,1266,0,'',0,0,0),(20463,1267,0,'',0,0,0),(20463,1268,0,'',0,0,0),(20463,1269,0,'',0,0,0),(20463,1270,0,'',0,0,0),(20463,1271,0,'',0,0,0),(20463,1272,0,'',0,0,0),(20463,1273,0,'',0,0,0),(20463,1274,0,'',0,0,0),(20463,1275,0,'',0,0,0),(20463,1276,0,'',0,0,0),(20463,1277,0,'',0,0,0),(20463,1278,0,'',0,0,0),(20463,1279,0,'',0,0,0),(20463,1280,0,'',0,0,0),(20463,1281,0,'',0,0,0),(20463,1282,0,'',0,0,0),(20463,1283,0,'',0,0,0),(20463,1284,0,'',0,0,0),(20463,1285,0,'',0,0,0),(20463,1286,0,'',0,0,0),(20463,1287,0,'',0,0,0),(20463,1288,0,'',0,0,0),(20463,1289,0,'',0,0,0),(20463,1290,0,'',0,0,0),(20463,1291,0,'',0,0,0),(20463,1292,0,'',0,0,0),(20463,1293,0,'',0,0,0),(20463,1294,0,'',0,0,0),(20463,1295,0,'',0,0,0),(20463,1296,0,'',0,0,0),(20463,1297,0,'',0,0,0),(20463,1298,0,'',0,0,0),(20463,1299,0,'',0,0,0),(20463,1300,0,'',0,0,0),(20463,1301,0,'',0,0,0),(20463,1302,0,'',0,0,0),(20463,1303,0,'',0,0,0),(20463,1304,0,'',0,0,0),(20463,1305,0,'',0,0,0),(20463,1306,0,'',0,0,0),(20463,1307,0,'',0,0,0),(20463,1308,0,'',0,0,0),(20463,1309,0,'',0,0,0),(20463,1310,0,'',0,0,0),(20463,1311,0,'',0,0,0),(20463,1312,0,'',0,0,0),(20463,1313,0,'',0,0,0),(20463,1314,0,'',0,0,0),(20463,1315,0,'',0,0,0),(20463,1316,0,'',0,0,0),(20463,1317,0,'',0,0,0),(20463,1318,0,'',0,0,0),(20463,1319,0,'',0,0,0),(20463,1320,0,'',0,0,0),(20463,1321,0,'',0,0,0),(20463,1322,0,'',0,0,0),(20463,1323,0,'',0,0,0),(20463,1324,0,'',0,0,0),(20463,1325,0,'',0,0,0),(20463,1326,0,'',0,0,0),(20463,1327,0,'',0,0,0),(20463,1328,0,'',0,0,0),(20463,1329,0,'',0,0,0),(20463,1330,0,'',0,0,0),(20463,1331,0,'',0,0,0),(20463,1332,0,'',0,0,0),(20463,1333,0,'',0,0,0),(20463,1334,0,'',0,0,0),(20463,1335,0,'',0,0,0),(20463,1336,0,'',0,0,0),(20463,1337,0,'',0,0,0),(20463,1338,0,'',0,0,0),(20463,1339,0,'',0,0,0),(20463,1340,0,'',0,0,0),(20463,1341,0,'',0,0,0),(20463,1342,0,'',0,0,0),(20463,1343,0,'',0,0,0),(20463,1344,0,'',0,0,0),(20463,1345,0,'',0,0,0),(20463,1346,0,'',0,0,0),(20463,1347,0,'',0,0,0),(20463,1348,0,'',0,0,0),(20463,1349,0,'',0,0,0),(20463,1350,0,'',0,0,0),(20463,1351,0,'',0,0,0),(20463,1352,0,'',0,0,0),(20463,1353,0,'',0,0,0),(20463,1354,0,'',0,0,0),(20463,1355,0,'',0,0,0),(20463,1356,0,'',0,0,0),(20463,1357,0,'',0,0,0),(20463,1358,0,'',0,0,0),(20463,1359,0,'',0,0,0),(20463,1360,0,'',0,0,0),(20463,1361,0,'',0,0,0),(20463,1362,0,'',0,0,0),(20463,1363,0,'',0,0,0),(20463,1364,0,'',0,0,0),(20463,1365,0,'',0,0,0),(20463,1366,0,'',0,0,0),(20463,1367,0,'',0,0,0),(20463,1368,0,'',0,0,0),(20463,1369,0,'',0,0,0),(20463,1370,0,'',0,0,0),(20463,1371,0,'',0,0,0),(20463,1372,0,'',0,0,0),(20463,1373,0,'',0,0,0),(20463,1374,0,'',0,0,0),(20463,1375,0,'',0,0,0),(20463,1376,0,'',0,0,0),(20463,1377,0,'',0,0,0),(20463,1378,0,'',0,0,0),(20463,1379,0,'',0,0,0),(20463,1380,0,'',0,0,0),(20463,1381,0,'',0,0,0),(20463,1382,0,'',0,0,0),(20463,1383,0,'',0,0,0),(20463,1384,4,'',1708701099,51,0),(20463,1385,0,'',0,0,0),(20463,1386,0,'',0,0,0),(20463,1387,0,'',0,0,0),(20463,1388,0,'',0,0,0),(20463,1389,0,'',0,0,0),(20463,1390,0,'',0,0,0),(20463,1391,0,'',0,0,0),(20463,1392,0,'',0,0,0),(20463,1393,0,'',0,0,0),(20463,1394,0,'',0,0,0),(20463,1395,0,'',0,0,0),(20463,1396,0,'',0,0,0),(20463,1397,0,'',0,0,0),(20463,1398,0,'',0,0,0),(20463,1399,0,'',0,0,0),(20463,1400,0,'',0,0,0),(20463,1401,0,'',0,0,0),(20463,1402,0,'',0,0,0),(20463,1403,0,'',0,0,0),(20463,1404,0,'',0,0,0),(20463,1405,0,'',0,0,0),(20463,1406,0,'',0,0,0),(20463,1407,0,'',0,0,0),(20463,1408,0,'',0,0,0),(20463,1409,0,'',0,0,0),(20463,1410,0,'',0,0,0),(20463,1411,0,'',0,0,0),(20463,1412,0,'',0,0,0),(20463,1413,0,'',0,0,0),(20463,1414,0,'',0,0,0),(20463,1415,0,'',0,0,0),(20463,1416,0,'',0,0,0),(20463,1417,0,'',0,0,0),(20463,1418,0,'',0,0,0),(20463,1419,0,'',0,0,0),(20463,1420,0,'',0,0,0),(20463,1421,0,'',0,0,0),(20463,1422,0,'',0,0,0),(20463,1423,0,'',0,0,0),(20463,1424,0,'',0,0,0),(20463,1425,0,'',0,0,0),(20463,1426,0,'',0,0,0),(20463,1427,0,'',0,0,0),(20463,1428,0,'',0,0,0),(20463,1429,0,'',0,0,0),(20463,1430,0,'',0,0,0),(20463,1431,0,'',0,0,0),(20463,1432,0,'',0,0,0),(20463,1433,0,'',0,0,0),(20463,1434,0,'',0,0,0),(20463,1435,0,'',0,0,0),(20463,1436,0,'',0,0,0),(20463,1437,0,'',0,0,0),(20463,1438,0,'',0,0,0),(20463,1439,0,'',0,0,0),(20463,1440,0,'',0,0,0),(20466,1,0,'',0,0,0),(20466,2,0,'',0,0,0),(20466,3,0,'',0,0,0),(20466,4,0,'',0,0,0),(20466,5,0,'',0,0,0),(20466,6,0,'',0,0,0),(20466,7,0,'',0,0,0),(20466,8,0,'',0,0,0),(20466,9,0,'',0,0,0),(20466,10,0,'',0,0,0),(20466,11,0,'',0,0,0),(20466,12,0,'',0,0,0),(20466,13,0,'',0,0,0),(20466,14,0,'',0,0,0),(20466,15,0,'',0,0,0),(20466,16,0,'',0,0,0),(20466,17,0,'',0,0,0),(20466,18,0,'',0,0,0),(20466,19,0,'',0,0,0),(20466,20,0,'',0,0,0),(20466,21,0,'',0,0,0),(20466,22,0,'',0,0,0),(20466,23,0,'',0,0,0),(20466,24,0,'',0,0,0),(20466,25,0,'',0,0,0),(20466,26,0,'',0,0,0),(20466,27,0,'',0,0,0),(20466,28,0,'',0,0,0),(20466,29,0,'',0,0,0),(20466,30,0,'',0,0,0),(20466,31,0,'',0,0,0),(20466,32,0,'',0,0,0),(20466,33,0,'',0,0,0),(20466,34,0,'',0,0,0),(20466,35,0,'',0,0,0),(20466,36,0,'',0,0,0),(20466,37,0,'',0,0,0),(20466,38,0,'',0,0,0),(20466,39,0,'',0,0,0),(20466,40,0,'',0,0,0),(20466,41,0,'',0,0,0),(20466,42,0,'',0,0,0),(20466,43,0,'',0,0,0),(20466,44,0,'',0,0,0),(20466,45,0,'',0,0,0),(20466,46,0,'',0,0,0),(20466,47,0,'',0,0,0),(20466,48,0,'',0,0,0),(20466,49,0,'',0,0,0),(20466,50,0,'',0,0,0),(20466,51,0,'',0,0,0),(20466,52,0,'',0,0,0),(20466,53,0,'',0,0,0),(20466,54,0,'',0,0,0),(20466,55,0,'',0,0,0),(20466,56,0,'',0,0,0),(20466,57,0,'',0,0,0),(20466,58,0,'',0,0,0),(20466,59,0,'',0,0,0),(20466,60,0,'',0,0,0),(20466,61,0,'',0,0,0),(20466,62,0,'',0,0,0),(20466,63,0,'',0,0,0),(20466,64,0,'',0,0,0),(20466,65,0,'',0,0,0),(20466,66,0,'',0,0,0),(20466,67,0,'',0,0,0),(20466,68,0,'',0,0,0),(20466,69,0,'',0,0,0),(20466,70,0,'',0,0,0),(20466,71,0,'',0,0,0),(20466,72,0,'',0,0,0),(20466,73,0,'',0,0,0),(20466,74,0,'',0,0,0),(20466,75,0,'',0,0,0),(20466,76,0,'',0,0,0),(20466,77,0,'',0,0,0),(20466,78,0,'',0,0,0),(20466,79,0,'',0,0,0),(20466,80,0,'',0,0,0),(20466,81,0,'',0,0,0),(20466,82,0,'',0,0,0),(20466,83,0,'',0,0,0),(20466,84,0,'',0,0,0),(20466,85,0,'',0,0,0),(20466,86,0,'',0,0,0),(20466,87,0,'',0,0,0),(20466,88,0,'',0,0,0),(20466,89,0,'',0,0,0),(20466,90,0,'',0,0,0),(20466,91,0,'',0,0,0),(20466,92,0,'',0,0,0),(20466,93,0,'',0,0,0),(20466,94,0,'',0,0,0),(20466,95,0,'',0,0,0),(20466,96,0,'',0,0,0),(20466,97,0,'',0,0,0),(20466,98,0,'',0,0,0),(20466,99,0,'',0,0,0),(20466,100,0,'',0,0,0),(20466,101,0,'',0,0,0),(20466,102,0,'',0,0,0),(20466,103,0,'',0,0,0),(20466,104,0,'',0,0,0),(20466,105,0,'',0,0,0),(20466,106,0,'',0,0,0),(20466,107,0,'',0,0,0),(20466,108,0,'',0,0,0),(20466,109,0,'',0,0,0),(20466,110,0,'',0,0,0),(20466,111,0,'',0,0,0),(20466,112,0,'',0,0,0),(20466,113,0,'',0,0,0),(20466,114,0,'',0,0,0),(20466,115,0,'',0,0,0),(20466,116,0,'',0,0,0),(20466,117,0,'',0,0,0),(20466,118,0,'',0,0,0),(20466,119,0,'',0,0,0),(20466,120,0,'',0,0,0),(20466,121,0,'',0,0,0),(20466,122,0,'',0,0,0),(20466,123,0,'',0,0,0),(20466,124,0,'',0,0,0),(20466,125,0,'',0,0,0),(20466,126,0,'',0,0,0),(20466,127,0,'',0,0,0),(20466,128,0,'',0,0,0),(20466,129,0,'',0,0,0),(20466,130,0,'',0,0,0),(20466,131,0,'',0,0,0),(20466,132,0,'',0,0,0),(20466,133,0,'',0,0,0),(20466,134,0,'',0,0,0),(20466,135,0,'',0,0,0),(20466,136,0,'',0,0,0),(20466,137,0,'',0,0,0),(20466,138,0,'',0,0,0),(20466,139,0,'',0,0,0),(20466,140,0,'',0,0,0),(20466,141,0,'',0,0,0),(20466,142,0,'',0,0,0),(20466,143,0,'',0,0,0),(20466,144,0,'',0,0,0),(20466,145,0,'',0,0,0),(20466,146,0,'',0,0,0),(20466,147,0,'',0,0,0),(20466,148,0,'',0,0,0),(20466,149,0,'',0,0,0),(20466,150,0,'',0,0,0),(20466,151,0,'',0,0,0),(20466,152,0,'',0,0,0),(20466,153,0,'',0,0,0),(20466,154,0,'',0,0,0),(20466,155,0,'',0,0,0),(20466,156,0,'',0,0,0),(20466,157,0,'',0,0,0),(20466,158,0,'',0,0,0),(20466,159,0,'',0,0,0),(20466,160,0,'',0,0,0),(20466,161,0,'',0,0,0),(20466,162,0,'',0,0,0),(20466,163,0,'',0,0,0),(20466,164,0,'',0,0,0),(20466,165,0,'',0,0,0),(20466,166,0,'',0,0,0),(20466,167,0,'',0,0,0),(20466,168,0,'',0,0,0),(20466,169,0,'',0,0,0),(20466,170,0,'',0,0,0),(20466,171,0,'',0,0,0),(20466,172,0,'',0,0,0),(20466,173,0,'',0,0,0),(20466,174,0,'',0,0,0),(20466,175,0,'',0,0,0),(20466,176,0,'',0,0,0),(20466,177,0,'',0,0,0),(20466,178,0,'',0,0,0),(20466,179,0,'',0,0,0),(20466,180,0,'',0,0,0),(20466,181,0,'',0,0,0),(20466,182,0,'',0,0,0),(20466,183,0,'',0,0,0),(20466,184,0,'',0,0,0),(20466,185,0,'',0,0,0),(20466,186,0,'',0,0,0),(20466,187,0,'',0,0,0),(20466,188,0,'',0,0,0),(20466,189,0,'',0,0,0),(20466,190,0,'',0,0,0),(20466,191,0,'',0,0,0),(20466,192,0,'',0,0,0),(20466,193,0,'',0,0,0),(20466,194,0,'',0,0,0),(20466,195,0,'',0,0,0),(20466,196,0,'',0,0,0),(20466,197,0,'',0,0,0),(20466,198,0,'',0,0,0),(20466,199,0,'',0,0,0),(20466,200,0,'',0,0,0),(20466,201,0,'',0,0,0),(20466,202,0,'',0,0,0),(20466,203,0,'',0,0,0),(20466,204,0,'',0,0,0),(20466,205,0,'',0,0,0),(20466,206,0,'',0,0,0),(20466,207,0,'',0,67,0),(20466,208,0,'',0,67,0),(20466,209,0,'',0,67,0),(20466,210,0,'',0,0,0),(20466,211,0,'',0,0,0),(20466,212,0,'',1754306117,67,0),(20466,213,0,'',1754306115,67,0),(20466,214,0,'',0,0,0),(20466,215,0,'',0,0,0),(20466,216,0,'',0,0,0),(20466,217,0,'',0,0,0),(20466,218,0,'',0,0,0),(20466,219,0,'',0,0,0),(20466,220,0,'',0,0,0),(20466,221,0,'',0,0,0),(20466,222,0,'',0,0,0),(20466,223,0,'',0,0,0),(20466,224,0,'',0,0,0),(20466,225,0,'',0,0,0),(20466,226,0,'',0,0,0),(20466,227,0,'',0,0,0),(20466,228,0,'',0,0,0),(20466,229,0,'',0,0,0),(20466,230,0,'',0,0,0),(20466,231,0,'',0,0,0),(20466,232,0,'',0,0,0),(20466,233,0,'',0,0,0),(20466,234,0,'',0,0,0),(20466,235,0,'',0,0,0),(20466,236,0,'',0,0,0),(20466,237,0,'',0,0,0),(20466,238,0,'',0,0,0),(20466,239,0,'',0,0,0),(20466,240,0,'',0,0,0),(20466,241,0,'',0,0,0),(20466,242,0,'',0,0,0),(20466,243,0,'',0,0,0),(20466,244,0,'',0,0,0),(20466,245,0,'',0,0,0),(20466,246,0,'',0,0,0),(20466,247,0,'',0,0,0),(20466,248,0,'',0,0,0),(20466,249,0,'',0,0,0),(20466,250,0,'',0,0,0),(20466,251,0,'',0,0,0),(20466,252,0,'',0,0,0),(20466,253,0,'',0,0,0),(20466,254,0,'',0,0,0),(20466,255,0,'',0,0,0),(20466,256,0,'',0,0,0),(20466,257,0,'',0,0,0),(20466,258,0,'',0,0,0),(20466,259,0,'',0,0,0),(20466,260,0,'',0,0,0),(20466,261,0,'',0,0,0),(20466,262,0,'',0,0,0),(20466,263,0,'',0,0,0),(20466,264,0,'',0,0,0),(20466,265,0,'',0,0,0),(20466,266,0,'',0,0,0),(20466,267,0,'',0,0,0),(20466,268,0,'',0,0,0),(20466,269,0,'',0,0,0),(20466,270,0,'',0,0,0),(20466,271,0,'',0,0,0),(20466,272,0,'',0,0,0),(20466,273,0,'',0,0,0),(20466,274,0,'',0,0,0),(20466,275,0,'',0,0,0),(20466,276,0,'',0,0,0),(20466,277,0,'',0,0,0),(20466,278,0,'',0,0,0),(20466,279,0,'',0,0,0),(20466,280,0,'',0,0,0),(20466,281,0,'',0,0,0),(20466,282,0,'',0,0,0),(20466,283,0,'',0,0,0),(20466,284,0,'',0,0,0),(20466,285,0,'',0,0,0),(20466,286,0,'',0,0,0),(20466,287,0,'',0,0,0),(20466,288,0,'',0,0,0),(20466,289,0,'',0,0,0),(20466,290,0,'',0,0,0),(20466,291,0,'',0,0,0),(20466,292,0,'',0,0,0),(20466,293,0,'',0,0,0),(20466,294,0,'',0,0,0),(20466,295,0,'',0,0,0),(20466,296,0,'',0,0,0),(20466,297,0,'',0,0,0),(20466,298,0,'',0,0,0),(20466,299,0,'',0,0,0),(20466,300,0,'',0,0,0),(20466,301,0,'',0,0,0),(20466,302,0,'',0,0,0),(20466,303,0,'',0,0,0),(20466,304,0,'',0,0,0),(20466,305,0,'',0,0,0),(20466,306,0,'',0,0,0),(20466,307,0,'',0,0,0),(20466,308,0,'',0,0,0),(20466,309,0,'',0,0,0),(20466,310,0,'',0,0,0),(20466,311,0,'',0,0,0),(20466,312,0,'',0,0,0),(20466,313,0,'',0,0,0),(20466,314,0,'',0,0,0),(20466,315,0,'',0,0,0),(20466,316,0,'',0,0,0),(20466,317,0,'',0,0,0),(20466,318,0,'',0,0,0),(20466,319,0,'',0,0,0),(20466,320,0,'',0,0,0),(20466,321,0,'',0,0,0),(20466,322,0,'',0,0,0),(20466,323,0,'',0,0,0),(20466,324,0,'',0,0,0),(20466,325,0,'',0,0,0),(20466,326,0,'',0,0,0),(20466,327,0,'',0,0,0),(20466,328,0,'',0,0,0),(20466,329,0,'',0,0,0),(20466,330,0,'',0,0,0),(20466,331,0,'',0,0,0),(20466,332,0,'',0,0,0),(20466,333,0,'',0,0,0),(20466,334,0,'',0,0,0),(20466,335,0,'',0,0,0),(20466,336,0,'',0,0,0),(20466,337,0,'',0,0,0),(20466,338,0,'',0,0,0),(20466,339,0,'',0,0,0),(20466,340,0,'',0,0,0),(20466,341,0,'',0,0,0),(20466,342,0,'',0,0,0),(20466,343,0,'',0,0,0),(20466,344,0,'',0,0,0),(20466,345,0,'',0,0,0),(20466,346,0,'',0,0,0),(20466,347,0,'',0,0,0),(20466,348,0,'',0,0,0),(20466,349,0,'',0,0,0),(20466,350,0,'',0,0,0),(20466,351,0,'',0,0,0),(20466,352,0,'',0,0,0),(20466,353,0,'',0,0,0),(20466,354,0,'',0,0,0),(20466,355,0,'',0,0,0),(20466,356,0,'',0,0,0),(20466,357,0,'',0,0,0),(20466,358,0,'',0,0,0),(20466,359,0,'',0,0,0),(20466,360,0,'',0,0,0),(20466,361,0,'',0,0,0),(20466,362,0,'',0,0,0),(20466,363,0,'',0,0,0),(20466,364,0,'',0,0,0),(20466,365,0,'',0,0,0),(20466,366,0,'',0,0,0),(20466,367,0,'',0,0,0),(20466,368,0,'',0,0,0),(20466,369,0,'',0,0,0),(20466,370,0,'',0,0,0),(20466,371,0,'',0,0,0),(20466,372,0,'',0,0,0),(20466,373,0,'',0,0,0),(20466,374,0,'',0,0,0),(20466,375,0,'',0,0,0),(20466,376,0,'',0,0,0),(20466,377,0,'',0,0,0),(20466,378,0,'',0,0,0),(20466,379,0,'',0,0,0),(20466,380,0,'',0,0,0),(20466,381,0,'',0,0,0),(20466,382,0,'',0,0,0),(20466,383,0,'',0,0,0),(20466,384,0,'',0,0,0),(20466,385,0,'',0,0,0),(20466,386,0,'',0,0,0),(20466,387,0,'',0,0,0),(20466,388,0,'',0,0,0),(20466,389,0,'',0,0,0),(20466,390,0,'',0,0,0),(20466,391,0,'',0,0,0),(20466,392,0,'',0,0,0),(20466,393,0,'',0,0,0),(20466,394,0,'',0,0,0),(20466,395,0,'',0,0,0),(20466,396,0,'',0,0,0),(20466,397,0,'',0,0,0),(20466,398,0,'',0,0,0),(20466,399,0,'',0,0,0),(20466,400,0,'',0,0,0),(20466,401,0,'',0,0,0),(20466,402,0,'',0,0,0),(20466,403,0,'',0,0,0),(20466,404,0,'',0,0,0),(20466,405,0,'',0,0,0),(20466,406,0,'',0,0,0),(20466,407,0,'',0,0,0),(20466,408,0,'',0,0,0),(20466,409,0,'',0,0,0),(20466,410,0,'',0,0,0),(20466,411,0,'',0,0,0),(20466,412,0,'',0,0,0),(20466,413,0,'',0,0,0),(20466,414,0,'',0,0,0),(20466,415,0,'',0,0,0),(20466,416,0,'',0,0,0),(20466,417,0,'',0,0,0),(20466,418,0,'',0,0,0),(20466,419,0,'',0,0,0),(20466,420,0,'',0,0,0),(20466,421,0,'',0,0,0),(20466,422,0,'',0,0,0),(20466,423,0,'',0,0,0),(20466,424,0,'',0,0,0),(20466,425,0,'',0,0,0),(20466,426,0,'',0,0,0),(20466,427,0,'',0,0,0),(20466,428,0,'',0,0,0),(20466,429,0,'',0,0,0),(20466,430,0,'',0,0,0),(20466,431,0,'',0,0,0),(20466,432,0,'',0,0,0),(20466,433,0,'',0,0,0),(20466,434,0,'',0,0,0),(20466,435,0,'',0,0,0),(20466,436,0,'',0,0,0),(20466,437,0,'',0,0,0),(20466,438,0,'',0,0,0),(20466,439,0,'',0,0,0),(20466,440,0,'',0,0,0),(20466,441,0,'',0,0,0),(20466,442,0,'',0,0,0),(20466,443,0,'',0,0,0),(20466,444,0,'',0,0,0),(20466,445,0,'',0,0,0),(20466,446,0,'',0,0,0),(20466,447,0,'',0,0,0),(20466,448,0,'',0,0,0),(20466,449,0,'',0,0,0),(20466,450,0,'',0,0,0),(20466,451,0,'',0,0,0),(20466,452,0,'',0,0,0),(20466,453,0,'',0,0,0),(20466,454,0,'',0,0,0),(20466,455,0,'',0,0,0),(20466,456,0,'',0,0,0),(20466,457,0,'',0,0,0),(20466,458,0,'',0,0,0),(20466,459,0,'',0,0,0),(20466,460,0,'',0,0,0),(20466,461,0,'',0,0,0),(20466,462,0,'',0,0,0),(20466,463,0,'',0,0,0),(20466,464,0,'',0,0,0),(20466,465,0,'',0,0,0),(20466,466,0,'',0,0,0),(20466,467,0,'',0,0,0),(20466,468,0,'',0,0,0),(20466,469,0,'',0,0,0),(20466,470,0,'',0,0,0),(20466,471,0,'',0,0,0),(20466,472,0,'',0,0,0),(20466,473,0,'',0,0,0),(20466,474,0,'',0,0,0),(20466,475,0,'',0,0,0),(20466,476,0,'',0,0,0),(20466,477,0,'',0,0,0),(20466,478,0,'',0,0,0),(20466,479,0,'',0,0,0),(20466,480,0,'',0,0,0),(20466,481,0,'',0,0,0),(20466,482,0,'',0,0,0),(20466,483,0,'',0,0,0),(20466,484,0,'',0,0,0),(20466,485,0,'',0,0,0),(20466,486,0,'',0,0,0),(20466,487,0,'',0,0,0),(20466,488,0,'',0,0,0),(20466,489,0,'',0,0,0),(20466,490,0,'',0,0,0),(20466,491,0,'',0,0,0),(20466,492,0,'',0,0,0),(20466,493,0,'',0,0,0),(20466,494,0,'',0,0,0),(20466,495,0,'',0,0,0),(20466,496,0,'',0,0,0),(20466,497,0,'',0,0,0),(20466,498,0,'',0,0,0),(20466,499,0,'',0,0,0),(20466,500,0,'',0,0,0),(20466,501,0,'',0,0,0),(20466,502,0,'',0,0,0),(20466,503,0,'',0,0,0),(20466,504,0,'',0,0,0),(20466,505,0,'',0,0,0),(20466,506,0,'',0,0,0),(20466,507,0,'',0,0,0),(20466,508,0,'',0,0,0),(20466,509,0,'',0,0,0),(20466,510,0,'',0,0,0),(20466,511,0,'',0,0,0),(20466,512,0,'',0,0,0),(20466,513,0,'',0,0,0),(20466,514,0,'',0,0,0),(20466,515,0,'',0,0,0),(20466,516,0,'',0,0,0),(20466,517,0,'',0,0,0),(20466,518,0,'',0,0,0),(20466,519,0,'',0,0,0),(20466,520,0,'',0,0,0),(20466,521,0,'',0,0,0),(20466,522,0,'',0,0,0),(20466,523,0,'',0,0,0),(20466,524,0,'',0,0,0),(20466,525,0,'',0,0,0),(20466,526,0,'',0,0,0),(20466,527,0,'',0,0,0),(20466,528,0,'',0,0,0),(20466,529,0,'',0,0,0),(20466,530,0,'',0,0,0),(20466,531,0,'',0,0,0),(20466,532,0,'',0,0,0),(20466,533,0,'',0,0,0),(20466,534,0,'',0,0,0),(20466,535,0,'',0,0,0),(20466,536,0,'',0,0,0),(20466,537,0,'',0,0,0),(20466,538,0,'',0,0,0),(20466,539,0,'',0,0,0),(20466,540,0,'',0,0,0),(20466,541,0,'',0,0,0),(20466,542,0,'',0,0,0),(20466,543,0,'',0,0,0),(20466,544,0,'',0,0,0),(20466,545,0,'',0,0,0),(20466,546,0,'',0,0,0),(20466,547,0,'',0,0,0),(20466,548,0,'',0,0,0),(20466,549,0,'',0,0,0),(20466,550,0,'',0,0,0),(20466,551,0,'',0,0,0),(20466,552,0,'',0,0,0),(20466,553,0,'',0,0,0),(20466,554,0,'',0,0,0),(20466,555,0,'',0,0,0),(20466,556,0,'',0,0,0),(20466,557,0,'',0,0,0),(20466,558,0,'',0,0,0),(20466,559,0,'',0,0,0),(20466,560,0,'',0,0,0),(20466,561,0,'',0,0,0),(20466,562,0,'',0,0,0),(20466,563,0,'',0,0,0),(20466,564,0,'',0,0,0),(20466,565,0,'',0,0,0),(20466,566,0,'',0,0,0),(20466,567,0,'',0,0,0),(20466,568,0,'',0,0,0),(20466,569,0,'',0,0,0),(20466,570,0,'',0,0,0),(20466,571,0,'',0,0,0),(20466,572,0,'',0,0,0),(20466,573,0,'',0,0,0),(20466,574,0,'',0,0,0),(20466,575,0,'',0,0,0),(20466,576,0,'',0,0,0),(20466,577,0,'',0,0,0),(20466,578,0,'',0,0,0),(20466,579,0,'',0,0,0),(20466,580,0,'',0,0,0),(20466,581,0,'',0,0,0),(20466,582,0,'',0,0,0),(20466,583,0,'',0,0,0),(20466,584,0,'',0,0,0),(20466,585,0,'',0,0,0),(20466,586,0,'',0,0,0),(20466,587,0,'',0,0,0),(20466,588,0,'',0,0,0),(20466,589,0,'',0,0,0),(20466,590,0,'',0,0,0),(20466,591,0,'',0,0,0),(20466,592,0,'',0,0,0),(20466,593,0,'',0,0,0),(20466,594,0,'',0,0,0),(20466,595,0,'',0,0,0),(20466,596,0,'',0,0,0),(20466,597,0,'',0,0,0),(20466,598,0,'',0,0,0),(20466,599,0,'',0,0,0),(20466,600,0,'',0,0,0),(20466,601,0,'',0,0,0),(20466,602,0,'',0,0,0),(20466,603,0,'',0,0,0),(20466,604,0,'',0,0,0),(20466,605,0,'',0,0,0),(20466,606,0,'',0,0,0),(20466,607,0,'',0,0,0),(20466,608,0,'',0,0,0),(20466,609,0,'',0,0,0),(20466,610,0,'',0,0,0),(20466,611,0,'',0,0,0),(20466,612,0,'',0,0,0),(20466,613,0,'',0,0,0),(20466,614,0,'',0,0,0),(20466,615,0,'',0,0,0),(20466,616,0,'',0,0,0),(20466,617,0,'',0,0,0),(20466,618,0,'',0,0,0),(20466,619,0,'',0,0,0),(20466,620,0,'',0,0,0),(20466,621,0,'',0,0,0),(20466,622,0,'',0,0,0),(20466,623,0,'',0,0,0),(20466,624,0,'',0,0,0),(20466,625,0,'',0,0,0),(20466,626,0,'',0,0,0),(20466,627,0,'',0,0,0),(20466,628,0,'',0,0,0),(20466,629,0,'',0,0,0),(20466,630,0,'',0,0,0),(20466,631,0,'',0,0,0),(20466,632,0,'',0,0,0),(20466,633,0,'',0,0,0),(20466,634,0,'',0,0,0),(20466,635,0,'',0,0,0),(20466,636,0,'',0,0,0),(20466,637,0,'',0,0,0),(20466,638,0,'',0,0,0),(20466,639,0,'',0,0,0),(20466,640,0,'',0,0,0),(20466,641,0,'',0,0,0),(20466,642,0,'',0,0,0),(20466,643,0,'',0,0,0),(20466,644,0,'',0,0,0),(20466,645,0,'',0,0,0),(20466,646,0,'',0,0,0),(20466,647,0,'',0,0,0),(20466,648,0,'',0,0,0),(20466,649,0,'',0,0,0),(20466,650,0,'',0,0,0),(20466,651,0,'',0,0,0),(20466,652,0,'',0,0,0),(20466,653,0,'',0,0,0),(20466,654,0,'',0,0,0),(20466,655,0,'',0,0,0),(20466,656,0,'',0,0,0),(20466,657,0,'',0,0,0),(20466,658,0,'',0,0,0),(20466,659,0,'',0,0,0),(20466,660,0,'',0,0,0),(20466,661,0,'',0,0,0),(20466,662,0,'',0,0,0),(20466,663,0,'',0,0,0),(20466,664,0,'',0,0,0),(20466,665,0,'',0,0,0),(20466,666,0,'',0,0,0),(20466,667,0,'',0,0,0),(20466,668,0,'',0,0,0),(20466,669,0,'',0,0,0),(20466,670,0,'',0,0,0),(20466,671,0,'',0,0,0),(20466,672,0,'',0,0,0),(20466,673,0,'',0,0,0),(20466,674,0,'',0,0,0),(20466,675,0,'',0,0,0),(20466,676,1,'',1754564065,67,0),(20466,677,1,'',1754564065,67,0),(20466,678,1,'',1754564065,67,0),(20466,679,0,'',0,0,0),(20466,680,0,'',0,0,0),(20466,681,0,'',0,0,0),(20466,682,0,'',0,0,0),(20466,683,0,'',0,0,0),(20466,684,0,'',0,0,0),(20466,685,0,'',0,0,0),(20466,686,0,'',0,0,0),(20466,687,0,'',0,0,0),(20466,688,0,'',0,0,0),(20466,689,0,'',0,0,0),(20466,690,0,'',0,0,0),(20466,691,0,'',0,0,0),(20466,692,0,'',0,0,0),(20466,693,0,'',0,0,0),(20466,694,0,'',0,0,0),(20466,695,0,'',0,0,0),(20466,696,0,'',0,0,0),(20466,697,0,'',0,0,0),(20466,698,0,'',0,0,0),(20466,699,0,'',0,0,0),(20466,700,0,'',0,0,0),(20466,701,0,'',0,0,0),(20466,702,0,'',0,0,0),(20466,703,0,'',0,0,0),(20466,704,0,'',0,0,0),(20466,705,0,'',0,0,0),(20466,706,0,'',0,0,0),(20466,707,0,'',0,0,0),(20466,708,0,'',0,0,0),(20466,709,0,'',0,0,0),(20466,710,0,'',0,0,0),(20466,711,0,'',0,0,0),(20466,712,0,'',0,0,0),(20466,713,0,'',0,0,0),(20466,714,0,'',0,0,0),(20466,715,0,'',0,0,0),(20466,716,0,'',0,0,0),(20466,717,0,'',0,0,0),(20466,718,0,'',0,0,0),(20466,719,0,'',0,0,0),(20466,720,0,'',0,0,0),(20466,721,0,'',0,0,0),(20466,722,0,'',0,0,0),(20466,723,0,'',0,0,0),(20466,724,0,'',0,0,0),(20466,725,0,'',0,0,0),(20466,726,0,'',0,0,0),(20466,727,0,'',0,67,0),(20466,728,0,'',0,0,0),(20466,729,0,'',0,0,0),(20466,730,0,'',0,0,0),(20466,731,0,'',0,0,0),(20466,732,0,'',0,0,0),(20466,733,0,'',0,0,0),(20466,734,0,'',0,0,0),(20466,735,0,'',0,0,0),(20466,736,0,'',0,0,0),(20466,737,0,'',0,0,0),(20466,738,0,'',0,0,0),(20466,739,0,'',0,0,0),(20466,740,0,'',0,0,0),(20466,741,0,'',0,0,0),(20466,742,0,'',0,0,0),(20466,743,0,'',0,0,0),(20466,744,0,'',0,0,0),(20466,745,0,'',0,0,0),(20466,746,0,'',0,0,0),(20466,747,0,'',0,0,0),(20466,748,0,'',0,0,0),(20466,749,0,'',0,0,0),(20466,750,0,'',0,0,0),(20466,751,0,'',0,0,0),(20466,752,0,'',0,0,0),(20466,753,0,'',0,0,0),(20466,754,0,'',0,0,0),(20466,755,0,'',0,0,0),(20466,756,0,'',0,0,0),(20466,757,0,'',0,0,0),(20466,758,0,'',0,0,0),(20466,759,0,'',0,0,0),(20466,760,0,'',0,0,0),(20466,761,0,'',0,0,0),(20466,762,0,'',0,0,0),(20466,763,0,'',0,0,0),(20466,764,0,'',0,0,0),(20466,765,0,'',0,0,0),(20466,766,0,'',0,0,0),(20466,767,0,'',0,0,0),(20466,768,0,'',0,0,0),(20466,769,0,'',0,0,0),(20466,770,0,'',0,0,0),(20466,771,0,'',0,0,0),(20466,772,0,'',0,0,0),(20466,773,0,'',0,0,0),(20466,774,0,'',0,0,0),(20466,775,0,'',0,0,0),(20466,776,0,'',0,0,0),(20466,777,0,'',0,0,0),(20466,778,0,'',0,0,0),(20466,779,0,'',0,0,0),(20466,780,0,'',0,0,0),(20466,781,0,'',0,0,0),(20466,782,0,'',0,0,0),(20466,783,0,'',0,0,0),(20466,784,0,'',0,0,0),(20466,785,0,'',0,0,0),(20466,786,0,'',0,0,0),(20466,787,0,'',0,0,0),(20466,788,0,'',0,0,0),(20466,789,0,'',0,0,0),(20466,790,0,'',0,0,0),(20466,791,0,'',0,0,0),(20466,792,0,'',0,0,0),(20466,793,0,'',0,0,0),(20466,794,0,'',0,0,0),(20466,795,0,'',0,0,0),(20466,796,0,'',0,0,0),(20466,797,0,'',0,0,0),(20466,798,0,'',0,0,0),(20466,799,0,'',0,0,0),(20466,800,0,'',0,0,0),(20466,801,0,'',0,0,0),(20466,802,0,'',0,0,0),(20466,803,0,'',0,0,0),(20466,804,0,'',0,0,0),(20466,805,0,'',0,0,0),(20466,806,0,'',0,0,0),(20466,807,0,'',0,0,0),(20466,808,0,'',0,0,0),(20466,809,0,'',0,0,0),(20466,810,0,'',0,0,0),(20466,811,0,'',0,0,0),(20466,812,0,'',0,0,0),(20466,813,0,'',0,0,0),(20466,814,0,'',0,0,0),(20466,815,0,'',0,0,0),(20466,816,0,'',0,0,0),(20466,817,0,'',0,0,0),(20466,818,0,'',0,0,0),(20466,819,0,'',0,0,0),(20466,820,0,'',0,0,0),(20466,821,0,'',0,0,0),(20466,822,0,'',0,0,0),(20466,823,0,'',0,0,0),(20466,824,0,'',0,0,0),(20466,825,0,'',0,0,0),(20466,826,0,'',0,0,0),(20466,827,0,'',0,0,0),(20466,828,0,'',0,0,0),(20466,829,0,'',0,0,0),(20466,830,0,'',0,0,0),(20466,831,0,'',0,0,0),(20466,832,0,'',0,0,0),(20466,833,0,'',0,0,0),(20466,834,0,'',0,0,0),(20466,835,0,'',0,0,0),(20466,836,0,'',0,0,0),(20466,837,0,'',0,0,0),(20466,838,0,'',0,0,0),(20466,839,0,'',0,0,0),(20466,840,0,'',0,0,0),(20466,841,0,'',0,0,0),(20466,842,0,'',0,0,0),(20466,843,0,'',0,0,0),(20466,844,0,'',0,0,0),(20466,845,0,'',0,0,0),(20466,846,0,'',0,0,0),(20466,847,0,'',0,0,0),(20466,848,0,'',0,0,0),(20466,849,0,'',0,0,0),(20466,850,0,'',0,0,0),(20466,851,0,'',0,0,0),(20466,852,0,'',0,0,0),(20466,853,0,'',0,0,0),(20466,854,0,'',0,0,0),(20466,855,0,'',0,0,0),(20466,856,0,'',0,0,0),(20466,857,0,'',0,0,0),(20466,858,0,'',0,0,0),(20466,859,0,'',0,0,0),(20466,860,0,'',0,0,0),(20466,861,0,'',0,0,0),(20466,862,0,'',0,0,0),(20466,863,0,'',0,0,0),(20466,864,0,'',0,0,0),(20466,865,0,'',0,0,0),(20466,866,0,'',0,0,0),(20466,867,0,'',0,0,0),(20466,868,0,'',0,0,0),(20466,869,0,'',0,0,0),(20466,870,0,'',0,0,0),(20466,871,0,'',0,0,0),(20466,872,0,'',0,0,0),(20466,873,0,'',0,0,0),(20466,874,0,'',0,0,0),(20466,875,0,'',0,0,0),(20466,876,0,'',0,0,0),(20466,877,0,'',0,0,0),(20466,878,0,'',0,0,0),(20466,879,0,'',0,0,0),(20466,880,0,'',0,0,0),(20466,881,0,'',0,0,0),(20466,882,0,'',0,0,0),(20466,883,0,'',0,0,0),(20466,884,0,'',0,0,0),(20466,885,0,'',0,0,0),(20466,886,0,'',0,0,0),(20466,887,0,'',0,0,0),(20466,888,0,'',0,0,0),(20466,889,0,'',0,0,0),(20466,890,0,'',0,0,0),(20466,891,0,'',0,0,0),(20466,892,0,'',0,0,0),(20466,893,0,'',0,0,0),(20466,894,0,'',0,0,0),(20466,895,0,'',0,0,0),(20466,896,0,'',0,0,0),(20466,897,0,'',0,0,0),(20466,898,0,'',0,0,0),(20466,899,0,'',0,0,0),(20466,900,0,'',0,0,0),(20466,901,0,'',0,0,0),(20466,902,0,'',0,0,0),(20466,903,0,'',0,0,0),(20466,904,0,'',0,0,0),(20466,905,0,'',0,0,0),(20466,906,0,'',0,0,0),(20466,907,0,'',0,0,0),(20466,908,0,'',0,0,0),(20466,909,0,'',0,0,0),(20466,910,0,'',0,0,0),(20466,911,0,'',0,0,0),(20466,912,0,'',0,0,0),(20466,913,0,'',0,0,0),(20466,914,0,'',0,0,0),(20466,915,0,'',0,0,0),(20466,916,0,'',0,0,0),(20466,917,0,'',0,0,0),(20466,918,0,'',0,0,0),(20466,919,0,'',0,0,0),(20466,920,0,'',0,0,0),(20466,921,0,'',0,0,0),(20466,922,0,'',0,0,0),(20466,923,0,'',0,0,0),(20466,924,0,'',0,0,0),(20466,925,0,'',0,0,0),(20466,926,0,'',0,0,0),(20466,927,0,'',0,0,0),(20466,928,0,'',0,0,0);
/*!40000 ALTER TABLE `npc_ws_event_zone_seats` ENABLE KEYS */;
UNLOCK TABLES;
SET @@SESSION.SQL_LOG_BIN = @MYSQLDUMP_TEMP_LOG_BIN;
/*!40103 SET TIME_ZONE=@OLD_TIME_ZONE */;

/*!40101 SET SQL_MODE=@OLD_SQL_MODE */;
/*!40014 SET FOREIGN_KEY_CHECKS=@OLD_FOREIGN_KEY_CHECKS */;
/*!40014 SET UNIQUE_CHECKS=@OLD_UNIQUE_CHECKS */;
/*!40101 SET CHARACTER_SET_CLIENT=@OLD_CHARACTER_SET_CLIENT */;
/*!40101 SET CHARACTER_SET_RESULTS=@OLD_CHARACTER_SET_RESULTS */;
/*!40101 SET COLLATION_CONNECTION=@OLD_COLLATION_CONNECTION */;
/*!40111 SET SQL_NOTES=@OLD_SQL_NOTES */;

-- Dump completed on 2013-01-01  7:15:29
